{"id":89366,"date":"2025-05-25T07:19:21","date_gmt":"2025-05-25T07:19:21","guid":{"rendered":"https:\/\/aral2.cetrexmarketing.com\/producto\/oller-del-mas-bernat\/"},"modified":"2025-05-27T07:00:33","modified_gmt":"2025-05-27T07:00:33","slug":"oller-del-mas-bernat","status":"publish","type":"product","link":"https:\/\/aral2.cetrexmarketing.com\/ca\/producto\/oller-del-mas-bernat\/","title":{"rendered":"Oller del Mas Bernat"},"content":{"rendered":"<p><strong>Oller del Mas Bernat<\/strong><\/p>\n<p>\u00c9s el vaixell ins\u00edgnia de la casa. .<\/p>\n<p>Les caracter\u00edstiques principals s\u00f3n l&#8217;equilibri, la persist\u00e8ncia i la frescor.<\/p>\n","protected":false},"excerpt":{"rendered":"<p>\u00c9s el vi ins\u00edgnia de la casa.<\/p>\n<p>Elaborat amb ra\u00efms procedents de les parcel\u00b7les <strong>Alzinar, Rajadell i Monistrol\u00e0<\/strong> , de les varietats <strong>Merlot, Syrah i Picapoll Negre<\/strong> .<\/p>\n<p>Les seves caracter\u00edstiques principals s\u00f3n l&#8217;equilibri, la persist\u00e8ncia i la frescor.<\/p>\n<p>Aroma i car\u00e0cter en una ampolla.<\/p>\n","protected":false},"featured_media":89363,"comment_status":"closed","ping_status":"closed","template":"","meta":{"_acf_changed":false},"pwb-brand":[32899],"product_brand":[],"product_cat":[51669,51676,51670,51671],"product_tag":[15092,50329,15090,50328],"class_list":{"0":"post-89366","1":"product","2":"type-product","3":"status-publish","4":"has-post-thumbnail","6":"pwb-brand-pla-de-bages-d-o","7":"product_cat-ecologic","8":"product_cat-vega","9":"product_cat-vi","10":"product_cat-vi-negre","11":"product_tag-oller-del-mas-ca","12":"product_tag-oller-del-mas-bernat-ca","13":"product_tag-picapoll-ca","14":"product_tag-pla-de-bages-ca","15":"pa_anada-36208","16":"pa_bodega-heretatollerdelmas","17":"pa_do-pladebagesdo-ca","18":"pa_ecologico-vegano-natural-ecologic","19":"pa_ecologico-vegano-natural-vega","20":"pa_formatoenml-38306","21":"pa_gastronomico-negre-gastronomic","22":"pa_graduacion-14_0","23":"pa_maridaje-carn-roja","24":"pa_maridaje-formatge-curat","25":"pa_pueblociudad-manresabarcelona","26":"pa_variedades-c6-merlot_syrah_picapolltinto-ca","27":"entry","28":"has-media","30":"first","31":"instock","32":"taxable","33":"shipping-taxable","34":"purchasable","35":"product-type-simple"},"acf":[],"yoast_head":"<!-- This site is optimized with the Yoast SEO Premium plugin v23.1 (Yoast SEO v23.5) - https:\/\/yoast.com\/wordpress\/plugins\/seo\/ -->\n<title>Oller del Mas Bernat<\/title>\n<meta name=\"description\" content=\"Comprar Oller del Mas Bernat al millor preu. Vi ecol\u00f2gic i apte per a vegans. Productes gurmet, exclusius i de qualitat. Vinoteca. Descomptes. Ofertes\" \/>\n<meta name=\"robots\" content=\"noindex, follow, max-snippet:-1, max-image-preview:large, max-video-preview:-1\" \/>\n<meta property=\"og:locale\" content=\"ca_ES\" \/>\n<meta property=\"og:type\" content=\"article\" \/>\n<meta property=\"og:title\" content=\"Oller del Mas Bernat\" \/>\n<meta property=\"og:description\" content=\"Comprar Oller del Mas Bernat al millor preu. Vi ecol\u00f2gic i apte per a vegans. Productes gurmet, exclusius i de qualitat. Vinoteca. Descomptes. Ofertes\" \/>\n<meta property=\"og:url\" content=\"https:\/\/aral2.cetrexmarketing.com\/ca\/producto\/oller-del-mas-bernat\/\" \/>\n<meta property=\"og:site_name\" content=\"M\u00f3n La Cata\" \/>\n<meta property=\"article:modified_time\" content=\"2025-05-27T07:00:33+00:00\" \/>\n<meta property=\"og:image\" content=\"https:\/\/aral2.cetrexmarketing.com\/wp-content\/uploads\/2025\/05\/Oller-del-Mas-Bernat.jpg.png\" \/>\n\t<meta property=\"og:image:width\" content=\"765\" \/>\n\t<meta property=\"og:image:height\" content=\"1024\" \/>\n\t<meta property=\"og:image:type\" content=\"image\/png\" \/>\n<meta name=\"twitter:card\" content=\"summary_large_image\" \/>\n<script type=\"application\/ld+json\" class=\"yoast-schema-graph\">{\"@context\":\"https:\/\/schema.org\",\"@graph\":[{\"@type\":\"WebPage\",\"@id\":\"https:\/\/aral2.cetrexmarketing.com\/ca\/producto\/oller-del-mas-bernat\/\",\"url\":\"https:\/\/aral2.cetrexmarketing.com\/ca\/producto\/oller-del-mas-bernat\/\",\"name\":\"Oller del Mas Bernat\",\"isPartOf\":{\"@id\":\"https:\/\/aral2.cetrexmarketing.com\/#website\"},\"primaryImageOfPage\":{\"@id\":\"https:\/\/aral2.cetrexmarketing.com\/ca\/producto\/oller-del-mas-bernat\/#primaryimage\"},\"image\":{\"@id\":\"https:\/\/aral2.cetrexmarketing.com\/ca\/producto\/oller-del-mas-bernat\/#primaryimage\"},\"thumbnailUrl\":\"https:\/\/aral2.cetrexmarketing.com\/wp-content\/uploads\/2025\/05\/Oller-del-Mas-Bernat.jpg.png\",\"datePublished\":\"2025-05-25T07:19:21+00:00\",\"dateModified\":\"2025-05-27T07:00:33+00:00\",\"description\":\"Comprar Oller del Mas Bernat al millor preu. Vi ecol\u00f2gic i apte per a vegans. Productes gurmet, exclusius i de qualitat. Vinoteca. Descomptes. Ofertes\",\"breadcrumb\":{\"@id\":\"https:\/\/aral2.cetrexmarketing.com\/ca\/producto\/oller-del-mas-bernat\/#breadcrumb\"},\"inLanguage\":\"ca\",\"potentialAction\":[{\"@type\":\"ReadAction\",\"target\":[\"https:\/\/aral2.cetrexmarketing.com\/ca\/producto\/oller-del-mas-bernat\/\"]}]},{\"@type\":\"ImageObject\",\"inLanguage\":\"ca\",\"@id\":\"https:\/\/aral2.cetrexmarketing.com\/ca\/producto\/oller-del-mas-bernat\/#primaryimage\",\"url\":\"https:\/\/aral2.cetrexmarketing.com\/wp-content\/uploads\/2025\/05\/Oller-del-Mas-Bernat.jpg.png\",\"contentUrl\":\"https:\/\/aral2.cetrexmarketing.com\/wp-content\/uploads\/2025\/05\/Oller-del-Mas-Bernat.jpg.png\",\"width\":765,\"height\":1024},{\"@type\":\"BreadcrumbList\",\"@id\":\"https:\/\/aral2.cetrexmarketing.com\/ca\/producto\/oller-del-mas-bernat\/#breadcrumb\",\"itemListElement\":[{\"@type\":\"ListItem\",\"position\":1,\"name\":\"Home\",\"item\":\"https:\/\/aral2.cetrexmarketing.com\/ca\/\"},{\"@type\":\"ListItem\",\"position\":2,\"name\":\"Tienda\",\"item\":\"https:\/\/aral2.cetrexmarketing.com\/ca\/tienda-2\/\"},{\"@type\":\"ListItem\",\"position\":3,\"name\":\"Ecol\u00f2gic\",\"item\":\"https:\/\/aral2.cetrexmarketing.com\/categoria-producto\/ecologic\/\"},{\"@type\":\"ListItem\",\"position\":4,\"name\":\"Veg\u00e0\",\"item\":\"https:\/\/aral2.cetrexmarketing.com\/categoria-producto\/ecologic\/vega\/\"},{\"@type\":\"ListItem\",\"position\":5,\"name\":\"Oller del Mas Bernat\"}]},{\"@type\":\"WebSite\",\"@id\":\"https:\/\/aral2.cetrexmarketing.com\/#website\",\"url\":\"https:\/\/aral2.cetrexmarketing.com\/\",\"name\":\"M\u00f3n La Cata\",\"description\":\"Tienda de vinos, licores, cervezas y gourmet\",\"publisher\":{\"@id\":\"https:\/\/aral2.cetrexmarketing.com\/#organization\"},\"potentialAction\":[{\"@type\":\"SearchAction\",\"target\":{\"@type\":\"EntryPoint\",\"urlTemplate\":\"https:\/\/aral2.cetrexmarketing.com\/?s={search_term_string}\"},\"query-input\":{\"@type\":\"PropertyValueSpecification\",\"valueRequired\":true,\"valueName\":\"search_term_string\"}}],\"inLanguage\":\"ca\"},{\"@type\":\"Organization\",\"@id\":\"https:\/\/aral2.cetrexmarketing.com\/#organization\",\"name\":\"M\u00f3n La Cata\",\"url\":\"https:\/\/aral2.cetrexmarketing.com\/\",\"logo\":{\"@type\":\"ImageObject\",\"inLanguage\":\"ca\",\"@id\":\"https:\/\/aral2.cetrexmarketing.com\/#\/schema\/logo\/image\/\",\"url\":\"https:\/\/aral2.cetrexmarketing.com\/wp-content\/uploads\/2024\/10\/aral-logo-neg-1024x409-1.png\",\"contentUrl\":\"https:\/\/aral2.cetrexmarketing.com\/wp-content\/uploads\/2024\/10\/aral-logo-neg-1024x409-1.png\",\"width\":1024,\"height\":409,\"caption\":\"M\u00f3n La Cata\"},\"image\":{\"@id\":\"https:\/\/aral2.cetrexmarketing.com\/#\/schema\/logo\/image\/\"}}]}<\/script>\n<!-- \/ Yoast SEO Premium plugin. -->","yoast_head_json":{"title":"Oller del Mas Bernat","description":"Comprar Oller del Mas Bernat al millor preu. Vi ecol\u00f2gic i apte per a vegans. Productes gurmet, exclusius i de qualitat. Vinoteca. Descomptes. Ofertes","robots":{"index":"noindex","follow":"follow","max-snippet":"max-snippet:-1","max-image-preview":"max-image-preview:large","max-video-preview":"max-video-preview:-1"},"og_locale":"ca_ES","og_type":"article","og_title":"Oller del Mas Bernat","og_description":"Comprar Oller del Mas Bernat al millor preu. Vi ecol\u00f2gic i apte per a vegans. Productes gurmet, exclusius i de qualitat. Vinoteca. Descomptes. Ofertes","og_url":"https:\/\/aral2.cetrexmarketing.com\/ca\/producto\/oller-del-mas-bernat\/","og_site_name":"M\u00f3n La Cata","article_modified_time":"2025-05-27T07:00:33+00:00","og_image":[{"width":765,"height":1024,"url":"https:\/\/aral2.cetrexmarketing.com\/wp-content\/uploads\/2025\/05\/Oller-del-Mas-Bernat.jpg.png","type":"image\/png"}],"twitter_card":"summary_large_image","schema":{"@context":"https:\/\/schema.org","@graph":[{"@type":"WebPage","@id":"https:\/\/aral2.cetrexmarketing.com\/ca\/producto\/oller-del-mas-bernat\/","url":"https:\/\/aral2.cetrexmarketing.com\/ca\/producto\/oller-del-mas-bernat\/","name":"Oller del Mas Bernat","isPartOf":{"@id":"https:\/\/aral2.cetrexmarketing.com\/#website"},"primaryImageOfPage":{"@id":"https:\/\/aral2.cetrexmarketing.com\/ca\/producto\/oller-del-mas-bernat\/#primaryimage"},"image":{"@id":"https:\/\/aral2.cetrexmarketing.com\/ca\/producto\/oller-del-mas-bernat\/#primaryimage"},"thumbnailUrl":"https:\/\/aral2.cetrexmarketing.com\/wp-content\/uploads\/2025\/05\/Oller-del-Mas-Bernat.jpg.png","datePublished":"2025-05-25T07:19:21+00:00","dateModified":"2025-05-27T07:00:33+00:00","description":"Comprar Oller del Mas Bernat al millor preu. Vi ecol\u00f2gic i apte per a vegans. Productes gurmet, exclusius i de qualitat. Vinoteca. Descomptes. Ofertes","breadcrumb":{"@id":"https:\/\/aral2.cetrexmarketing.com\/ca\/producto\/oller-del-mas-bernat\/#breadcrumb"},"inLanguage":"ca","potentialAction":[{"@type":"ReadAction","target":["https:\/\/aral2.cetrexmarketing.com\/ca\/producto\/oller-del-mas-bernat\/"]}]},{"@type":"ImageObject","inLanguage":"ca","@id":"https:\/\/aral2.cetrexmarketing.com\/ca\/producto\/oller-del-mas-bernat\/#primaryimage","url":"https:\/\/aral2.cetrexmarketing.com\/wp-content\/uploads\/2025\/05\/Oller-del-Mas-Bernat.jpg.png","contentUrl":"https:\/\/aral2.cetrexmarketing.com\/wp-content\/uploads\/2025\/05\/Oller-del-Mas-Bernat.jpg.png","width":765,"height":1024},{"@type":"BreadcrumbList","@id":"https:\/\/aral2.cetrexmarketing.com\/ca\/producto\/oller-del-mas-bernat\/#breadcrumb","itemListElement":[{"@type":"ListItem","position":1,"name":"Home","item":"https:\/\/aral2.cetrexmarketing.com\/ca\/"},{"@type":"ListItem","position":2,"name":"Tienda","item":"https:\/\/aral2.cetrexmarketing.com\/ca\/tienda-2\/"},{"@type":"ListItem","position":3,"name":"Ecol\u00f2gic","item":"https:\/\/aral2.cetrexmarketing.com\/categoria-producto\/ecologic\/"},{"@type":"ListItem","position":4,"name":"Veg\u00e0","item":"https:\/\/aral2.cetrexmarketing.com\/categoria-producto\/ecologic\/vega\/"},{"@type":"ListItem","position":5,"name":"Oller del Mas Bernat"}]},{"@type":"WebSite","@id":"https:\/\/aral2.cetrexmarketing.com\/#website","url":"https:\/\/aral2.cetrexmarketing.com\/","name":"M\u00f3n La Cata","description":"Tienda de vinos, licores, cervezas y gourmet","publisher":{"@id":"https:\/\/aral2.cetrexmarketing.com\/#organization"},"potentialAction":[{"@type":"SearchAction","target":{"@type":"EntryPoint","urlTemplate":"https:\/\/aral2.cetrexmarketing.com\/?s={search_term_string}"},"query-input":{"@type":"PropertyValueSpecification","valueRequired":true,"valueName":"search_term_string"}}],"inLanguage":"ca"},{"@type":"Organization","@id":"https:\/\/aral2.cetrexmarketing.com\/#organization","name":"M\u00f3n La Cata","url":"https:\/\/aral2.cetrexmarketing.com\/","logo":{"@type":"ImageObject","inLanguage":"ca","@id":"https:\/\/aral2.cetrexmarketing.com\/#\/schema\/logo\/image\/","url":"https:\/\/aral2.cetrexmarketing.com\/wp-content\/uploads\/2024\/10\/aral-logo-neg-1024x409-1.png","contentUrl":"https:\/\/aral2.cetrexmarketing.com\/wp-content\/uploads\/2024\/10\/aral-logo-neg-1024x409-1.png","width":1024,"height":409,"caption":"M\u00f3n La Cata"},"image":{"@id":"https:\/\/aral2.cetrexmarketing.com\/#\/schema\/logo\/image\/"}}]}},"brands":[{"id":32899,"name":"Pla de Bages D.O.","slug":"pla-de-bages-d-o"}],"_links":{"self":[{"href":"https:\/\/aral2.cetrexmarketing.com\/ca\/wp-json\/wp\/v2\/product\/89366","targetHints":{"allow":["GET"]}}],"collection":[{"href":"https:\/\/aral2.cetrexmarketing.com\/ca\/wp-json\/wp\/v2\/product"}],"about":[{"href":"https:\/\/aral2.cetrexmarketing.com\/ca\/wp-json\/wp\/v2\/types\/product"}],"replies":[{"embeddable":true,"href":"https:\/\/aral2.cetrexmarketing.com\/ca\/wp-json\/wp\/v2\/comments?post=89366"}],"wp:featuredmedia":[{"embeddable":true,"href":"https:\/\/aral2.cetrexmarketing.com\/ca\/wp-json\/wp\/v2\/media\/89363"}],"wp:attachment":[{"href":"https:\/\/aral2.cetrexmarketing.com\/ca\/wp-json\/wp\/v2\/media?parent=89366"}],"wp:term":[{"taxonomy":"pwb-brand","embeddable":true,"href":"https:\/\/aral2.cetrexmarketing.com\/ca\/wp-json\/wp\/v2\/pwb-brand?post=89366"},{"taxonomy":"product_brand","embeddable":true,"href":"https:\/\/aral2.cetrexmarketing.com\/ca\/wp-json\/wp\/v2\/product_brand?post=89366"},{"taxonomy":"product_cat","embeddable":true,"href":"https:\/\/aral2.cetrexmarketing.com\/ca\/wp-json\/wp\/v2\/product_cat?post=89366"},{"taxonomy":"product_tag","embeddable":true,"href":"https:\/\/aral2.cetrexmarketing.com\/ca\/wp-json\/wp\/v2\/product_tag?post=89366"}],"curies":[{"name":"wp","href":"https:\/\/api.w.org\/{rel}","templated":true}]}}

<p><strong>Oller del Mas Bernat</strong></p>
<p>És el vaixell insígnia de la casa. .</p>
<p>Les característiques principals són l&#8217;equilibri, la persistència i la frescor.</p>

<p>És el vi insígnia de la casa.</p>
<p>Elaborat amb raïms procedents de les parcel·les <strong>Alzinar, Rajadell i Monistrolà</strong> , de les varietats <strong>Merlot, Syrah i Picapoll Negre</strong> .</p>
<p>Les seves característiques principals són l&#8217;equilibri, la persistència i la frescor.</p>
<p>Aroma i caràcter en una ampolla.</p>

<!-- This site is optimized with the Yoast SEO Premium plugin v23.1 (Yoast SEO v23.5) - https://yoast.com/wordpress/plugins/seo/ -->
<title>Oller del Mas Bernat</title>
<meta name="description" content="Comprar Oller del Mas Bernat al millor preu. Vi ecològic i apte per a vegans. Productes gurmet, exclusius i de qualitat. Vinoteca. Descomptes. Ofertes" />
<meta name="robots" content="noindex, follow, max-snippet:-1, max-image-preview:large, max-video-preview:-1" />
<meta property="og:locale" content="ca_ES" />
<meta property="og:type" content="article" />
<meta property="og:title" content="Oller del Mas Bernat" />
<meta property="og:description" content="Comprar Oller del Mas Bernat al millor preu. Vi ecològic i apte per a vegans. Productes gurmet, exclusius i de qualitat. Vinoteca. Descomptes. Ofertes" />
<meta property="og:url" content="https://aral2.cetrexmarketing.com/ca/producto/oller-del-mas-bernat/" />
<meta property="og:site_name" content="Món La Cata" />
<meta property="article:modified_time" content="2025-05-27T07:00:33+00:00" />
<meta property="og:image" content="https://aral2.cetrexmarketing.com/wp-content/uploads/2025/05/Oller-del-Mas-Bernat.jpg.png" />
	<meta property="og:image:width" content="765" />
	<meta property="og:image:height" content="1024" />
	<meta property="og:image:type" content="image/png" />
<meta name="twitter:card" content="summary_large_image" />
<script type="application/ld+json" class="yoast-schema-graph">{"@context":"https://schema.org","@graph":[{"@type":"WebPage","@id":"https://aral2.cetrexmarketing.com/ca/producto/oller-del-mas-bernat/","url":"https://aral2.cetrexmarketing.com/ca/producto/oller-del-mas-bernat/","name":"Oller del Mas Bernat","isPartOf":{"@id":"https://aral2.cetrexmarketing.com/#website"},"primaryImageOfPage":{"@id":"https://aral2.cetrexmarketing.com/ca/producto/oller-del-mas-bernat/#primaryimage"},"image":{"@id":"https://aral2.cetrexmarketing.com/ca/producto/oller-del-mas-bernat/#primaryimage"},"thumbnailUrl":"https://aral2.cetrexmarketing.com/wp-content/uploads/2025/05/Oller-del-Mas-Bernat.jpg.png","datePublished":"2025-05-25T07:19:21+00:00","dateModified":"2025-05-27T07:00:33+00:00","description":"Comprar Oller del Mas Bernat al millor preu. Vi ecològic i apte per a vegans. Productes gurmet, exclusius i de qualitat. Vinoteca. Descomptes. Ofertes","breadcrumb":{"@id":"https://aral2.cetrexmarketing.com/ca/producto/oller-del-mas-bernat/#breadcrumb"},"inLanguage":"ca","potentialAction":[{"@type":"ReadAction","target":["https://aral2.cetrexmarketing.com/ca/producto/oller-del-mas-bernat/"]}]},{"@type":"ImageObject","inLanguage":"ca","@id":"https://aral2.cetrexmarketing.com/ca/producto/oller-del-mas-bernat/#primaryimage","url":"https://aral2.cetrexmarketing.com/wp-content/uploads/2025/05/Oller-del-Mas-Bernat.jpg.png","contentUrl":"https://aral2.cetrexmarketing.com/wp-content/uploads/2025/05/Oller-del-Mas-Bernat.jpg.png","width":765,"height":1024},{"@type":"BreadcrumbList","@id":"https://aral2.cetrexmarketing.com/ca/producto/oller-del-mas-bernat/#breadcrumb","itemListElement":[{"@type":"ListItem","position":1,"name":"Home","item":"https://aral2.cetrexmarketing.com/ca/"},{"@type":"ListItem","position":2,"name":"Tienda","item":"https://aral2.cetrexmarketing.com/ca/tienda-2/"},{"@type":"ListItem","position":3,"name":"Ecològic","item":"https://aral2.cetrexmarketing.com/categoria-producto/ecologic/"},{"@type":"ListItem","position":4,"name":"Vegà","item":"https://aral2.cetrexmarketing.com/categoria-producto/ecologic/vega/"},{"@type":"ListItem","position":5,"name":"Oller del Mas Bernat"}]},{"@type":"WebSite","@id":"https://aral2.cetrexmarketing.com/#website","url":"https://aral2.cetrexmarketing.com/","name":"Món La Cata","description":"Tienda de vinos, licores, cervezas y gourmet","publisher":{"@id":"https://aral2.cetrexmarketing.com/#organization"},"potentialAction":[{"@type":"SearchAction","target":{"@type":"EntryPoint","urlTemplate":"https://aral2.cetrexmarketing.com/?s={search_term_string}"},"query-input":{"@type":"PropertyValueSpecification","valueRequired":true,"valueName":"search_term_string"}}],"inLanguage":"ca"},{"@type":"Organization","@id":"https://aral2.cetrexmarketing.com/#organization","name":"Món La Cata","url":"https://aral2.cetrexmarketing.com/","logo":{"@type":"ImageObject","inLanguage":"ca","@id":"https://aral2.cetrexmarketing.com/#/schema/logo/image/","url":"https://aral2.cetrexmarketing.com/wp-content/uploads/2024/10/aral-logo-neg-1024x409-1.png","contentUrl":"https://aral2.cetrexmarketing.com/wp-content/uploads/2024/10/aral-logo-neg-1024x409-1.png","width":1024,"height":409,"caption":"Món La Cata"},"image":{"@id":"https://aral2.cetrexmarketing.com/#/schema/logo/image/"}}]}</script>
<!-- / Yoast SEO Premium plugin. -->

Comprar Oller del Mas Bernat al millor preu. Vi ecològic i apte per a vegans. Productes gurmet, exclusius i de qualitat. Vinoteca. Descomptes. Ofertes

Món La Cata

Ecològic

Vegà
