{"id":85204,"date":"2025-05-25T06:17:11","date_gmt":"2025-05-25T06:17:11","guid":{"rendered":"https:\/\/aral2.cetrexmarketing.com\/producto\/allende-blanc\/"},"modified":"2025-05-25T06:17:12","modified_gmt":"2025-05-25T06:17:12","slug":"allende-blanc","status":"publish","type":"product","link":"https:\/\/aral2.cetrexmarketing.com\/ca\/producto\/allende-blanc\/","title":{"rendered":"Allende Blanc"},"content":{"rendered":"<p><P Dir = \"LTR\"> Allende \u00e9s una personalitat blanca del 95% Viura I 5% Malvasia. <\/p>\n<p> n <P DIR = \"LTR\"> D&#8217;una banda ensenya el vostre car\u00e0cter m\u00e9s fresc, notes de c\u00edtrics com el pomelo, acompanyats de fruites \u00f2ssies com el pr\u00e9ssec i tamb\u00e9 trobem notes torrades del barril.<br \/>\n n <P DIR = \"LTR\"> \u00e9s un complex elegant i t\u00e9 un gran potencial d&#8217;envelliment.<br \/>\n n <\/p>\n<p direct = \"ltr\"> Recomanem combinar -lo amb una llauna a la llauna o tamb\u00e9 amb varetes calentes. <\/p>\n","protected":false},"excerpt":{"rendered":"<p dir=\"ltr\"><span>Allende \u00e9s un blanc amb personalitat fet de 95% Viura i 5% Malvasia. Per una banda t&#8217;ensenya el seu car\u00e0cter m\u00e9s fresc, notes c\u00edtriques com la d&#8217;aranja, acompanyades de fruita d&#8217;os com el pr\u00e9ssec i tamb\u00e9 hi trobem notes torrades de la b\u00f3ta. <\/span><\/p>\n<p dir=\"ltr\"><span>\u00c9s complex elegant i t\u00e9 un gran potencial d&#8217;envelliment.<\/span><\/p>\n<p dir=\"ltr\"><span>Recomanem maridar-lo amb un bacall\u00e0 a la llauna o tamb\u00e9 pot jugar b\u00e9 amb arrossos caldosos.<\/span><\/p><\/p>\n","protected":false},"featured_media":85201,"comment_status":"closed","ping_status":"closed","template":"","meta":{"_acf_changed":false},"pwb-brand":[44881,32907],"product_brand":[],"product_cat":[51670,51672],"product_tag":[16174,15062],"class_list":{"0":"post-85204","1":"product","2":"type-product","3":"status-publish","4":"has-post-thumbnail","6":"pwb-brand-allende","7":"pwb-brand-rioja-d-o","8":"product_cat-vi","9":"product_cat-vi-blanc","10":"product_tag-allende-ca","11":"product_tag-rioja-blanco-ca","12":"pa_anada-36210","13":"pa_bodega-fincasallende","14":"pa_do-rioja-d-o-ca-ca","15":"pa_formatoenml-38306","16":"pa_gastronomico-blanc-gastronomic","17":"pa_graduacion-13_5","18":"pa_maridaje-carn-blanca","19":"pa_maridaje-formatge-cremos","20":"pa_maridaje-midons","21":"pa_maridaje-peix","22":"pa_pais-espanya-ca","23":"pa_potente-blanc-potent","24":"pa_tipodevino-vi-tranquil","25":"pa_variedad-principal-malvasia-ca","26":"pa_variedad-principal-viura-ca","27":"entry","28":"has-media","30":"first","31":"instock","32":"taxable","33":"shipping-taxable","34":"purchasable","35":"product-type-simple"},"acf":[],"yoast_head":"<!-- This site is optimized with the Yoast SEO Premium plugin v23.1 (Yoast SEO v23.5) - https:\/\/yoast.com\/wordpress\/plugins\/seo\/ -->\n<title>Allende Blanc<\/title>\n<meta name=\"description\" content=\"Compra el vi blanc Allende Blanc de la DOQ Rioja envellit en barrica. Amb enviament expr\u00e9s, de la teva vinoteca de confian\u00e7a. Elaborat amb Viura i Malvasia.\" \/>\n<meta name=\"robots\" content=\"noindex, follow, max-snippet:-1, max-image-preview:large, max-video-preview:-1\" \/>\n<meta property=\"og:locale\" content=\"ca_ES\" \/>\n<meta property=\"og:type\" content=\"article\" \/>\n<meta property=\"og:title\" content=\"Allende Blanc\" \/>\n<meta property=\"og:description\" content=\"Compra el vi blanc Allende Blanc de la DOQ Rioja envellit en barrica. Amb enviament expr\u00e9s, de la teva vinoteca de confian\u00e7a. Elaborat amb Viura i Malvasia.\" \/>\n<meta property=\"og:url\" content=\"https:\/\/aral2.cetrexmarketing.com\/ca\/producto\/allende-blanc\/\" \/>\n<meta property=\"og:site_name\" content=\"M\u00f3n La Cata\" \/>\n<meta property=\"article:modified_time\" content=\"2025-05-25T06:17:12+00:00\" \/>\n<meta property=\"og:image\" content=\"https:\/\/aral2.cetrexmarketing.com\/wp-content\/uploads\/2025\/05\/ALLENDE-VINO-BLANCO.jpg.png\" \/>\n\t<meta property=\"og:image:width\" content=\"765\" \/>\n\t<meta property=\"og:image:height\" content=\"1024\" \/>\n\t<meta property=\"og:image:type\" content=\"image\/png\" \/>\n<meta name=\"twitter:card\" content=\"summary_large_image\" \/>\n<script type=\"application\/ld+json\" class=\"yoast-schema-graph\">{\"@context\":\"https:\/\/schema.org\",\"@graph\":[{\"@type\":\"WebPage\",\"@id\":\"https:\/\/aral2.cetrexmarketing.com\/ca\/producto\/allende-blanc\/\",\"url\":\"https:\/\/aral2.cetrexmarketing.com\/ca\/producto\/allende-blanc\/\",\"name\":\"Allende Blanc\",\"isPartOf\":{\"@id\":\"https:\/\/aral2.cetrexmarketing.com\/#website\"},\"primaryImageOfPage\":{\"@id\":\"https:\/\/aral2.cetrexmarketing.com\/ca\/producto\/allende-blanc\/#primaryimage\"},\"image\":{\"@id\":\"https:\/\/aral2.cetrexmarketing.com\/ca\/producto\/allende-blanc\/#primaryimage\"},\"thumbnailUrl\":\"https:\/\/aral2.cetrexmarketing.com\/wp-content\/uploads\/2025\/05\/ALLENDE-VINO-BLANCO.jpg.png\",\"datePublished\":\"2025-05-25T06:17:11+00:00\",\"dateModified\":\"2025-05-25T06:17:12+00:00\",\"description\":\"Compra el vi blanc Allende Blanc de la DOQ Rioja envellit en barrica. Amb enviament expr\u00e9s, de la teva vinoteca de confian\u00e7a. Elaborat amb Viura i Malvasia.\",\"breadcrumb\":{\"@id\":\"https:\/\/aral2.cetrexmarketing.com\/ca\/producto\/allende-blanc\/#breadcrumb\"},\"inLanguage\":\"ca\",\"potentialAction\":[{\"@type\":\"ReadAction\",\"target\":[\"https:\/\/aral2.cetrexmarketing.com\/ca\/producto\/allende-blanc\/\"]}]},{\"@type\":\"ImageObject\",\"inLanguage\":\"ca\",\"@id\":\"https:\/\/aral2.cetrexmarketing.com\/ca\/producto\/allende-blanc\/#primaryimage\",\"url\":\"https:\/\/aral2.cetrexmarketing.com\/wp-content\/uploads\/2025\/05\/ALLENDE-VINO-BLANCO.jpg.png\",\"contentUrl\":\"https:\/\/aral2.cetrexmarketing.com\/wp-content\/uploads\/2025\/05\/ALLENDE-VINO-BLANCO.jpg.png\",\"width\":765,\"height\":1024},{\"@type\":\"BreadcrumbList\",\"@id\":\"https:\/\/aral2.cetrexmarketing.com\/ca\/producto\/allende-blanc\/#breadcrumb\",\"itemListElement\":[{\"@type\":\"ListItem\",\"position\":1,\"name\":\"Home\",\"item\":\"https:\/\/aral2.cetrexmarketing.com\/ca\/\"},{\"@type\":\"ListItem\",\"position\":2,\"name\":\"Tienda\",\"item\":\"https:\/\/aral2.cetrexmarketing.com\/ca\/tienda-2\/\"},{\"@type\":\"ListItem\",\"position\":3,\"name\":\"Vi\",\"item\":\"https:\/\/aral2.cetrexmarketing.com\/categoria-producto\/vi\/\"},{\"@type\":\"ListItem\",\"position\":4,\"name\":\"Vi Blanc\",\"item\":\"https:\/\/aral2.cetrexmarketing.com\/categoria-producto\/vi\/vi-blanc\/\"},{\"@type\":\"ListItem\",\"position\":5,\"name\":\"Allende Blanc\"}]},{\"@type\":\"WebSite\",\"@id\":\"https:\/\/aral2.cetrexmarketing.com\/#website\",\"url\":\"https:\/\/aral2.cetrexmarketing.com\/\",\"name\":\"M\u00f3n La Cata\",\"description\":\"Tienda de vinos, licores, cervezas y gourmet\",\"publisher\":{\"@id\":\"https:\/\/aral2.cetrexmarketing.com\/#organization\"},\"potentialAction\":[{\"@type\":\"SearchAction\",\"target\":{\"@type\":\"EntryPoint\",\"urlTemplate\":\"https:\/\/aral2.cetrexmarketing.com\/?s={search_term_string}\"},\"query-input\":{\"@type\":\"PropertyValueSpecification\",\"valueRequired\":true,\"valueName\":\"search_term_string\"}}],\"inLanguage\":\"ca\"},{\"@type\":\"Organization\",\"@id\":\"https:\/\/aral2.cetrexmarketing.com\/#organization\",\"name\":\"M\u00f3n La Cata\",\"url\":\"https:\/\/aral2.cetrexmarketing.com\/\",\"logo\":{\"@type\":\"ImageObject\",\"inLanguage\":\"ca\",\"@id\":\"https:\/\/aral2.cetrexmarketing.com\/#\/schema\/logo\/image\/\",\"url\":\"https:\/\/aral2.cetrexmarketing.com\/wp-content\/uploads\/2024\/10\/aral-logo-neg-1024x409-1.png\",\"contentUrl\":\"https:\/\/aral2.cetrexmarketing.com\/wp-content\/uploads\/2024\/10\/aral-logo-neg-1024x409-1.png\",\"width\":1024,\"height\":409,\"caption\":\"M\u00f3n La Cata\"},\"image\":{\"@id\":\"https:\/\/aral2.cetrexmarketing.com\/#\/schema\/logo\/image\/\"}}]}<\/script>\n<!-- \/ Yoast SEO Premium plugin. -->","yoast_head_json":{"title":"Allende Blanc","description":"Compra el vi blanc Allende Blanc de la DOQ Rioja envellit en barrica. Amb enviament expr\u00e9s, de la teva vinoteca de confian\u00e7a. Elaborat amb Viura i Malvasia.","robots":{"index":"noindex","follow":"follow","max-snippet":"max-snippet:-1","max-image-preview":"max-image-preview:large","max-video-preview":"max-video-preview:-1"},"og_locale":"ca_ES","og_type":"article","og_title":"Allende Blanc","og_description":"Compra el vi blanc Allende Blanc de la DOQ Rioja envellit en barrica. Amb enviament expr\u00e9s, de la teva vinoteca de confian\u00e7a. Elaborat amb Viura i Malvasia.","og_url":"https:\/\/aral2.cetrexmarketing.com\/ca\/producto\/allende-blanc\/","og_site_name":"M\u00f3n La Cata","article_modified_time":"2025-05-25T06:17:12+00:00","og_image":[{"width":765,"height":1024,"url":"https:\/\/aral2.cetrexmarketing.com\/wp-content\/uploads\/2025\/05\/ALLENDE-VINO-BLANCO.jpg.png","type":"image\/png"}],"twitter_card":"summary_large_image","schema":{"@context":"https:\/\/schema.org","@graph":[{"@type":"WebPage","@id":"https:\/\/aral2.cetrexmarketing.com\/ca\/producto\/allende-blanc\/","url":"https:\/\/aral2.cetrexmarketing.com\/ca\/producto\/allende-blanc\/","name":"Allende Blanc","isPartOf":{"@id":"https:\/\/aral2.cetrexmarketing.com\/#website"},"primaryImageOfPage":{"@id":"https:\/\/aral2.cetrexmarketing.com\/ca\/producto\/allende-blanc\/#primaryimage"},"image":{"@id":"https:\/\/aral2.cetrexmarketing.com\/ca\/producto\/allende-blanc\/#primaryimage"},"thumbnailUrl":"https:\/\/aral2.cetrexmarketing.com\/wp-content\/uploads\/2025\/05\/ALLENDE-VINO-BLANCO.jpg.png","datePublished":"2025-05-25T06:17:11+00:00","dateModified":"2025-05-25T06:17:12+00:00","description":"Compra el vi blanc Allende Blanc de la DOQ Rioja envellit en barrica. Amb enviament expr\u00e9s, de la teva vinoteca de confian\u00e7a. Elaborat amb Viura i Malvasia.","breadcrumb":{"@id":"https:\/\/aral2.cetrexmarketing.com\/ca\/producto\/allende-blanc\/#breadcrumb"},"inLanguage":"ca","potentialAction":[{"@type":"ReadAction","target":["https:\/\/aral2.cetrexmarketing.com\/ca\/producto\/allende-blanc\/"]}]},{"@type":"ImageObject","inLanguage":"ca","@id":"https:\/\/aral2.cetrexmarketing.com\/ca\/producto\/allende-blanc\/#primaryimage","url":"https:\/\/aral2.cetrexmarketing.com\/wp-content\/uploads\/2025\/05\/ALLENDE-VINO-BLANCO.jpg.png","contentUrl":"https:\/\/aral2.cetrexmarketing.com\/wp-content\/uploads\/2025\/05\/ALLENDE-VINO-BLANCO.jpg.png","width":765,"height":1024},{"@type":"BreadcrumbList","@id":"https:\/\/aral2.cetrexmarketing.com\/ca\/producto\/allende-blanc\/#breadcrumb","itemListElement":[{"@type":"ListItem","position":1,"name":"Home","item":"https:\/\/aral2.cetrexmarketing.com\/ca\/"},{"@type":"ListItem","position":2,"name":"Tienda","item":"https:\/\/aral2.cetrexmarketing.com\/ca\/tienda-2\/"},{"@type":"ListItem","position":3,"name":"Vi","item":"https:\/\/aral2.cetrexmarketing.com\/categoria-producto\/vi\/"},{"@type":"ListItem","position":4,"name":"Vi Blanc","item":"https:\/\/aral2.cetrexmarketing.com\/categoria-producto\/vi\/vi-blanc\/"},{"@type":"ListItem","position":5,"name":"Allende Blanc"}]},{"@type":"WebSite","@id":"https:\/\/aral2.cetrexmarketing.com\/#website","url":"https:\/\/aral2.cetrexmarketing.com\/","name":"M\u00f3n La Cata","description":"Tienda de vinos, licores, cervezas y gourmet","publisher":{"@id":"https:\/\/aral2.cetrexmarketing.com\/#organization"},"potentialAction":[{"@type":"SearchAction","target":{"@type":"EntryPoint","urlTemplate":"https:\/\/aral2.cetrexmarketing.com\/?s={search_term_string}"},"query-input":{"@type":"PropertyValueSpecification","valueRequired":true,"valueName":"search_term_string"}}],"inLanguage":"ca"},{"@type":"Organization","@id":"https:\/\/aral2.cetrexmarketing.com\/#organization","name":"M\u00f3n La Cata","url":"https:\/\/aral2.cetrexmarketing.com\/","logo":{"@type":"ImageObject","inLanguage":"ca","@id":"https:\/\/aral2.cetrexmarketing.com\/#\/schema\/logo\/image\/","url":"https:\/\/aral2.cetrexmarketing.com\/wp-content\/uploads\/2024\/10\/aral-logo-neg-1024x409-1.png","contentUrl":"https:\/\/aral2.cetrexmarketing.com\/wp-content\/uploads\/2024\/10\/aral-logo-neg-1024x409-1.png","width":1024,"height":409,"caption":"M\u00f3n La Cata"},"image":{"@id":"https:\/\/aral2.cetrexmarketing.com\/#\/schema\/logo\/image\/"}}]}},"brands":[{"id":44881,"name":"Allende","slug":"allende"},{"id":32907,"name":"Rioja D.O.","slug":"rioja-d-o"}],"_links":{"self":[{"href":"https:\/\/aral2.cetrexmarketing.com\/ca\/wp-json\/wp\/v2\/product\/85204","targetHints":{"allow":["GET"]}}],"collection":[{"href":"https:\/\/aral2.cetrexmarketing.com\/ca\/wp-json\/wp\/v2\/product"}],"about":[{"href":"https:\/\/aral2.cetrexmarketing.com\/ca\/wp-json\/wp\/v2\/types\/product"}],"replies":[{"embeddable":true,"href":"https:\/\/aral2.cetrexmarketing.com\/ca\/wp-json\/wp\/v2\/comments?post=85204"}],"wp:featuredmedia":[{"embeddable":true,"href":"https:\/\/aral2.cetrexmarketing.com\/ca\/wp-json\/wp\/v2\/media\/85201"}],"wp:attachment":[{"href":"https:\/\/aral2.cetrexmarketing.com\/ca\/wp-json\/wp\/v2\/media?parent=85204"}],"wp:term":[{"taxonomy":"pwb-brand","embeddable":true,"href":"https:\/\/aral2.cetrexmarketing.com\/ca\/wp-json\/wp\/v2\/pwb-brand?post=85204"},{"taxonomy":"product_brand","embeddable":true,"href":"https:\/\/aral2.cetrexmarketing.com\/ca\/wp-json\/wp\/v2\/product_brand?post=85204"},{"taxonomy":"product_cat","embeddable":true,"href":"https:\/\/aral2.cetrexmarketing.com\/ca\/wp-json\/wp\/v2\/product_cat?post=85204"},{"taxonomy":"product_tag","embeddable":true,"href":"https:\/\/aral2.cetrexmarketing.com\/ca\/wp-json\/wp\/v2\/product_tag?post=85204"}],"curies":[{"name":"wp","href":"https:\/\/api.w.org\/{rel}","templated":true}]}}

<p><P Dir = "LTR"> Allende és una personalitat blanca del 95% Viura I 5% Malvasia. </p>
<p> n <P DIR = "LTR"> D&#8217;una banda ensenya el vostre caràcter més fresc, notes de cítrics com el pomelo, acompanyats de fruites òssies com el préssec i també trobem notes torrades del barril.<br />
 n <P DIR = "LTR"> és un complex elegant i té un gran potencial d&#8217;envelliment.<br />
 n </p>
<p direct = "ltr"> Recomanem combinar -lo amb una llauna a la llauna o també amb varetes calentes. </p>

<p dir="ltr"><span>Allende és un blanc amb personalitat fet de 95% Viura i 5% Malvasia. Per una banda t&#8217;ensenya el seu caràcter més fresc, notes cítriques com la d&#8217;aranja, acompanyades de fruita d&#8217;os com el préssec i també hi trobem notes torrades de la bóta. </span></p>
<p dir="ltr"><span>És complex elegant i té un gran potencial d&#8217;envelliment.</span></p>
<p dir="ltr"><span>Recomanem maridar-lo amb un bacallà a la llauna o també pot jugar bé amb arrossos caldosos.</span></p></p>

<!-- This site is optimized with the Yoast SEO Premium plugin v23.1 (Yoast SEO v23.5) - https://yoast.com/wordpress/plugins/seo/ -->
<title>Allende Blanc</title>
<meta name="description" content="Compra el vi blanc Allende Blanc de la DOQ Rioja envellit en barrica. Amb enviament exprés, de la teva vinoteca de confiança. Elaborat amb Viura i Malvasia." />
<meta name="robots" content="noindex, follow, max-snippet:-1, max-image-preview:large, max-video-preview:-1" />
<meta property="og:locale" content="ca_ES" />
<meta property="og:type" content="article" />
<meta property="og:title" content="Allende Blanc" />
<meta property="og:description" content="Compra el vi blanc Allende Blanc de la DOQ Rioja envellit en barrica. Amb enviament exprés, de la teva vinoteca de confiança. Elaborat amb Viura i Malvasia." />
<meta property="og:url" content="https://aral2.cetrexmarketing.com/ca/producto/allende-blanc/" />
<meta property="og:site_name" content="Món La Cata" />
<meta property="article:modified_time" content="2025-05-25T06:17:12+00:00" />
<meta property="og:image" content="https://aral2.cetrexmarketing.com/wp-content/uploads/2025/05/ALLENDE-VINO-BLANCO.jpg.png" />
	<meta property="og:image:width" content="765" />
	<meta property="og:image:height" content="1024" />
	<meta property="og:image:type" content="image/png" />
<meta name="twitter:card" content="summary_large_image" />
<script type="application/ld+json" class="yoast-schema-graph">{"@context":"https://schema.org","@graph":[{"@type":"WebPage","@id":"https://aral2.cetrexmarketing.com/ca/producto/allende-blanc/","url":"https://aral2.cetrexmarketing.com/ca/producto/allende-blanc/","name":"Allende Blanc","isPartOf":{"@id":"https://aral2.cetrexmarketing.com/#website"},"primaryImageOfPage":{"@id":"https://aral2.cetrexmarketing.com/ca/producto/allende-blanc/#primaryimage"},"image":{"@id":"https://aral2.cetrexmarketing.com/ca/producto/allende-blanc/#primaryimage"},"thumbnailUrl":"https://aral2.cetrexmarketing.com/wp-content/uploads/2025/05/ALLENDE-VINO-BLANCO.jpg.png","datePublished":"2025-05-25T06:17:11+00:00","dateModified":"2025-05-25T06:17:12+00:00","description":"Compra el vi blanc Allende Blanc de la DOQ Rioja envellit en barrica. Amb enviament exprés, de la teva vinoteca de confiança. Elaborat amb Viura i Malvasia.","breadcrumb":{"@id":"https://aral2.cetrexmarketing.com/ca/producto/allende-blanc/#breadcrumb"},"inLanguage":"ca","potentialAction":[{"@type":"ReadAction","target":["https://aral2.cetrexmarketing.com/ca/producto/allende-blanc/"]}]},{"@type":"ImageObject","inLanguage":"ca","@id":"https://aral2.cetrexmarketing.com/ca/producto/allende-blanc/#primaryimage","url":"https://aral2.cetrexmarketing.com/wp-content/uploads/2025/05/ALLENDE-VINO-BLANCO.jpg.png","contentUrl":"https://aral2.cetrexmarketing.com/wp-content/uploads/2025/05/ALLENDE-VINO-BLANCO.jpg.png","width":765,"height":1024},{"@type":"BreadcrumbList","@id":"https://aral2.cetrexmarketing.com/ca/producto/allende-blanc/#breadcrumb","itemListElement":[{"@type":"ListItem","position":1,"name":"Home","item":"https://aral2.cetrexmarketing.com/ca/"},{"@type":"ListItem","position":2,"name":"Tienda","item":"https://aral2.cetrexmarketing.com/ca/tienda-2/"},{"@type":"ListItem","position":3,"name":"Vi","item":"https://aral2.cetrexmarketing.com/categoria-producto/vi/"},{"@type":"ListItem","position":4,"name":"Vi Blanc","item":"https://aral2.cetrexmarketing.com/categoria-producto/vi/vi-blanc/"},{"@type":"ListItem","position":5,"name":"Allende Blanc"}]},{"@type":"WebSite","@id":"https://aral2.cetrexmarketing.com/#website","url":"https://aral2.cetrexmarketing.com/","name":"Món La Cata","description":"Tienda de vinos, licores, cervezas y gourmet","publisher":{"@id":"https://aral2.cetrexmarketing.com/#organization"},"potentialAction":[{"@type":"SearchAction","target":{"@type":"EntryPoint","urlTemplate":"https://aral2.cetrexmarketing.com/?s={search_term_string}"},"query-input":{"@type":"PropertyValueSpecification","valueRequired":true,"valueName":"search_term_string"}}],"inLanguage":"ca"},{"@type":"Organization","@id":"https://aral2.cetrexmarketing.com/#organization","name":"Món La Cata","url":"https://aral2.cetrexmarketing.com/","logo":{"@type":"ImageObject","inLanguage":"ca","@id":"https://aral2.cetrexmarketing.com/#/schema/logo/image/","url":"https://aral2.cetrexmarketing.com/wp-content/uploads/2024/10/aral-logo-neg-1024x409-1.png","contentUrl":"https://aral2.cetrexmarketing.com/wp-content/uploads/2024/10/aral-logo-neg-1024x409-1.png","width":1024,"height":409,"caption":"Món La Cata"},"image":{"@id":"https://aral2.cetrexmarketing.com/#/schema/logo/image/"}}]}</script>
<!-- / Yoast SEO Premium plugin. -->

Compra el vi blanc Allende Blanc de la DOQ Rioja envellit en barrica. Amb enviament exprés, de la teva vinoteca de confiança. Elaborat amb Viura i Malvasia.

Món La Cata
