{"id":85123,"date":"2025-05-25T06:15:08","date_gmt":"2025-05-25T06:15:08","guid":{"rendered":"https:\/\/aral2.cetrexmarketing.com\/producto\/cap-de-creus-corall-negre\/"},"modified":"2025-05-25T06:15:09","modified_gmt":"2025-05-25T06:15:09","slug":"cap-de-creus-corall-negre","status":"publish","type":"product","link":"https:\/\/aral2.cetrexmarketing.com\/ca\/producto\/cap-de-creus-corall-negre\/","title":{"rendered":"Cap de Creus Corall Negre"},"content":{"rendered":"<p> Empord\u00e1 del celler Cap de Creus (del grup d\u2019origen Roeta). (Picota i Plum Cherry). La influ\u00e8ncia mediterr\u00e0nia es nota a les notes bals\u00e0miques, a la tramuntana en la frescor i al tauler pirin\u00e8s dels tocs minerals i a la bona estructura que t\u00e9.><\/p>\n","protected":false},"excerpt":{"rendered":"<p dir=\"ltr\"><span>Empord\u00e0 del celler Cap de Creus (del grup Roqueta Origen).<\/span><\/p>\n<p dir=\"ltr\">Varietats Lledoner i Carinyena.<\/p>\n<p dir=\"ltr\"><span>Fresc amb aromes de fruita vermella (maduixa i mora) i fruita negra (cirera picota i pruna). Se li nota la influ\u00e8ncia mediterr\u00e0nia en les notes bals\u00e0miques, la tramuntana en la frescor i la pissarra Pirenaica als tocs minerals i la bona estructura que t\u00e9.<\/span><\/p>\n<p dir=\"ltr\">Maridar amb guisats o arr\u00f2s mar i muntanya.<\/p><\/p>\n","protected":false},"featured_media":85120,"comment_status":"closed","ping_status":"closed","template":"","meta":{"_acf_changed":false},"pwb-brand":[32879],"product_brand":[],"product_cat":[51670,51671],"product_tag":[16499,16546,14941,14940,15793],"class_list":{"0":"post-85123","1":"product","2":"type-product","3":"status-publish","4":"has-post-thumbnail","6":"pwb-brand-emporda-d-o","7":"product_cat-vi","8":"product_cat-vi-negre","9":"product_tag-cap-de-creus-ca","10":"product_tag-corall-ca","11":"product_tag-costa-brava-ca","12":"product_tag-girona-ca","13":"product_tag-vilajuiga-ca","14":"pa_anada-36214","15":"pa_bodega-bodegasjsarda","16":"pa_do-emporda-d-o-ca","17":"pa_formatoenl-36158","18":"pa_formatoenml-38306","19":"pa_graduacion-14_5","20":"pa_pais-espanya-ca","21":"pa_pesoengramos-38354","22":"pa_pesoenkg-14-2","23":"pa_propietario-roquetaorigen-ca","24":"pa_pueblociudad-vilajuigagirona","25":"pa_region-cataluna","26":"pa_subregion-capdecreus","27":"pa_tipodevino-vi-tranquil","28":"entry","29":"has-media","31":"first","32":"instock","33":"taxable","34":"shipping-taxable","35":"purchasable","36":"product-type-simple"},"acf":[],"yoast_head":"<!-- This site is optimized with the Yoast SEO Premium plugin v23.1 (Yoast SEO v23.5) - https:\/\/yoast.com\/wordpress\/plugins\/seo\/ -->\n<title>Cap de Creus Corall Negre<\/title>\n<meta name=\"description\" content=\"Comprar online al millor preu el vi negre Cap de Creu Corall, de la DO Empord\u00e0. Enviament Expr\u00e9s. Descompte per compra de 6 ampolles. Viniteca especialitzada.\" \/>\n<meta name=\"robots\" content=\"noindex, follow, max-snippet:-1, max-image-preview:large, max-video-preview:-1\" \/>\n<meta property=\"og:locale\" content=\"ca_ES\" \/>\n<meta property=\"og:type\" content=\"article\" \/>\n<meta property=\"og:title\" content=\"Cap de Creus Corall Negre\" \/>\n<meta property=\"og:description\" content=\"Comprar online al millor preu el vi negre Cap de Creu Corall, de la DO Empord\u00e0. Enviament Expr\u00e9s. Descompte per compra de 6 ampolles. Viniteca especialitzada.\" \/>\n<meta property=\"og:url\" content=\"https:\/\/aral2.cetrexmarketing.com\/ca\/producto\/cap-de-creus-corall-negre\/\" \/>\n<meta property=\"og:site_name\" content=\"M\u00f3n La Cata\" \/>\n<meta property=\"article:modified_time\" content=\"2025-05-25T06:15:09+00:00\" \/>\n<meta property=\"og:image\" content=\"https:\/\/aral2.cetrexmarketing.com\/wp-content\/uploads\/2025\/05\/Cap-de-Creus-Corall-Tinto.png\" \/>\n\t<meta property=\"og:image:width\" content=\"765\" \/>\n\t<meta property=\"og:image:height\" content=\"1024\" \/>\n\t<meta property=\"og:image:type\" content=\"image\/png\" \/>\n<meta name=\"twitter:card\" content=\"summary_large_image\" \/>\n<script type=\"application\/ld+json\" class=\"yoast-schema-graph\">{\"@context\":\"https:\/\/schema.org\",\"@graph\":[{\"@type\":\"WebPage\",\"@id\":\"https:\/\/aral2.cetrexmarketing.com\/ca\/producto\/cap-de-creus-corall-negre\/\",\"url\":\"https:\/\/aral2.cetrexmarketing.com\/ca\/producto\/cap-de-creus-corall-negre\/\",\"name\":\"Cap de Creus Corall Negre\",\"isPartOf\":{\"@id\":\"https:\/\/aral2.cetrexmarketing.com\/#website\"},\"primaryImageOfPage\":{\"@id\":\"https:\/\/aral2.cetrexmarketing.com\/ca\/producto\/cap-de-creus-corall-negre\/#primaryimage\"},\"image\":{\"@id\":\"https:\/\/aral2.cetrexmarketing.com\/ca\/producto\/cap-de-creus-corall-negre\/#primaryimage\"},\"thumbnailUrl\":\"https:\/\/aral2.cetrexmarketing.com\/wp-content\/uploads\/2025\/05\/Cap-de-Creus-Corall-Tinto.png\",\"datePublished\":\"2025-05-25T06:15:08+00:00\",\"dateModified\":\"2025-05-25T06:15:09+00:00\",\"description\":\"Comprar online al millor preu el vi negre Cap de Creu Corall, de la DO Empord\u00e0. Enviament Expr\u00e9s. Descompte per compra de 6 ampolles. Viniteca especialitzada.\",\"breadcrumb\":{\"@id\":\"https:\/\/aral2.cetrexmarketing.com\/ca\/producto\/cap-de-creus-corall-negre\/#breadcrumb\"},\"inLanguage\":\"ca\",\"potentialAction\":[{\"@type\":\"ReadAction\",\"target\":[\"https:\/\/aral2.cetrexmarketing.com\/ca\/producto\/cap-de-creus-corall-negre\/\"]}]},{\"@type\":\"ImageObject\",\"inLanguage\":\"ca\",\"@id\":\"https:\/\/aral2.cetrexmarketing.com\/ca\/producto\/cap-de-creus-corall-negre\/#primaryimage\",\"url\":\"https:\/\/aral2.cetrexmarketing.com\/wp-content\/uploads\/2025\/05\/Cap-de-Creus-Corall-Tinto.png\",\"contentUrl\":\"https:\/\/aral2.cetrexmarketing.com\/wp-content\/uploads\/2025\/05\/Cap-de-Creus-Corall-Tinto.png\",\"width\":765,\"height\":1024},{\"@type\":\"BreadcrumbList\",\"@id\":\"https:\/\/aral2.cetrexmarketing.com\/ca\/producto\/cap-de-creus-corall-negre\/#breadcrumb\",\"itemListElement\":[{\"@type\":\"ListItem\",\"position\":1,\"name\":\"Home\",\"item\":\"https:\/\/aral2.cetrexmarketing.com\/ca\/\"},{\"@type\":\"ListItem\",\"position\":2,\"name\":\"Tienda\",\"item\":\"https:\/\/aral2.cetrexmarketing.com\/ca\/tienda-2\/\"},{\"@type\":\"ListItem\",\"position\":3,\"name\":\"Vi\",\"item\":\"https:\/\/aral2.cetrexmarketing.com\/categoria-producto\/vi\/\"},{\"@type\":\"ListItem\",\"position\":4,\"name\":\"Vi Negre\",\"item\":\"https:\/\/aral2.cetrexmarketing.com\/categoria-producto\/vi\/vi-negre\/\"},{\"@type\":\"ListItem\",\"position\":5,\"name\":\"Cap de Creus Corall Negre\"}]},{\"@type\":\"WebSite\",\"@id\":\"https:\/\/aral2.cetrexmarketing.com\/#website\",\"url\":\"https:\/\/aral2.cetrexmarketing.com\/\",\"name\":\"M\u00f3n La Cata\",\"description\":\"Tienda de vinos, licores, cervezas y gourmet\",\"publisher\":{\"@id\":\"https:\/\/aral2.cetrexmarketing.com\/#organization\"},\"potentialAction\":[{\"@type\":\"SearchAction\",\"target\":{\"@type\":\"EntryPoint\",\"urlTemplate\":\"https:\/\/aral2.cetrexmarketing.com\/?s={search_term_string}\"},\"query-input\":{\"@type\":\"PropertyValueSpecification\",\"valueRequired\":true,\"valueName\":\"search_term_string\"}}],\"inLanguage\":\"ca\"},{\"@type\":\"Organization\",\"@id\":\"https:\/\/aral2.cetrexmarketing.com\/#organization\",\"name\":\"M\u00f3n La Cata\",\"url\":\"https:\/\/aral2.cetrexmarketing.com\/\",\"logo\":{\"@type\":\"ImageObject\",\"inLanguage\":\"ca\",\"@id\":\"https:\/\/aral2.cetrexmarketing.com\/#\/schema\/logo\/image\/\",\"url\":\"https:\/\/aral2.cetrexmarketing.com\/wp-content\/uploads\/2024\/10\/aral-logo-neg-1024x409-1.png\",\"contentUrl\":\"https:\/\/aral2.cetrexmarketing.com\/wp-content\/uploads\/2024\/10\/aral-logo-neg-1024x409-1.png\",\"width\":1024,\"height\":409,\"caption\":\"M\u00f3n La Cata\"},\"image\":{\"@id\":\"https:\/\/aral2.cetrexmarketing.com\/#\/schema\/logo\/image\/\"}}]}<\/script>\n<!-- \/ Yoast SEO Premium plugin. -->","yoast_head_json":{"title":"Cap de Creus Corall Negre","description":"Comprar online al millor preu el vi negre Cap de Creu Corall, de la DO Empord\u00e0. Enviament Expr\u00e9s. Descompte per compra de 6 ampolles. Viniteca especialitzada.","robots":{"index":"noindex","follow":"follow","max-snippet":"max-snippet:-1","max-image-preview":"max-image-preview:large","max-video-preview":"max-video-preview:-1"},"og_locale":"ca_ES","og_type":"article","og_title":"Cap de Creus Corall Negre","og_description":"Comprar online al millor preu el vi negre Cap de Creu Corall, de la DO Empord\u00e0. Enviament Expr\u00e9s. Descompte per compra de 6 ampolles. Viniteca especialitzada.","og_url":"https:\/\/aral2.cetrexmarketing.com\/ca\/producto\/cap-de-creus-corall-negre\/","og_site_name":"M\u00f3n La Cata","article_modified_time":"2025-05-25T06:15:09+00:00","og_image":[{"width":765,"height":1024,"url":"https:\/\/aral2.cetrexmarketing.com\/wp-content\/uploads\/2025\/05\/Cap-de-Creus-Corall-Tinto.png","type":"image\/png"}],"twitter_card":"summary_large_image","schema":{"@context":"https:\/\/schema.org","@graph":[{"@type":"WebPage","@id":"https:\/\/aral2.cetrexmarketing.com\/ca\/producto\/cap-de-creus-corall-negre\/","url":"https:\/\/aral2.cetrexmarketing.com\/ca\/producto\/cap-de-creus-corall-negre\/","name":"Cap de Creus Corall Negre","isPartOf":{"@id":"https:\/\/aral2.cetrexmarketing.com\/#website"},"primaryImageOfPage":{"@id":"https:\/\/aral2.cetrexmarketing.com\/ca\/producto\/cap-de-creus-corall-negre\/#primaryimage"},"image":{"@id":"https:\/\/aral2.cetrexmarketing.com\/ca\/producto\/cap-de-creus-corall-negre\/#primaryimage"},"thumbnailUrl":"https:\/\/aral2.cetrexmarketing.com\/wp-content\/uploads\/2025\/05\/Cap-de-Creus-Corall-Tinto.png","datePublished":"2025-05-25T06:15:08+00:00","dateModified":"2025-05-25T06:15:09+00:00","description":"Comprar online al millor preu el vi negre Cap de Creu Corall, de la DO Empord\u00e0. Enviament Expr\u00e9s. Descompte per compra de 6 ampolles. Viniteca especialitzada.","breadcrumb":{"@id":"https:\/\/aral2.cetrexmarketing.com\/ca\/producto\/cap-de-creus-corall-negre\/#breadcrumb"},"inLanguage":"ca","potentialAction":[{"@type":"ReadAction","target":["https:\/\/aral2.cetrexmarketing.com\/ca\/producto\/cap-de-creus-corall-negre\/"]}]},{"@type":"ImageObject","inLanguage":"ca","@id":"https:\/\/aral2.cetrexmarketing.com\/ca\/producto\/cap-de-creus-corall-negre\/#primaryimage","url":"https:\/\/aral2.cetrexmarketing.com\/wp-content\/uploads\/2025\/05\/Cap-de-Creus-Corall-Tinto.png","contentUrl":"https:\/\/aral2.cetrexmarketing.com\/wp-content\/uploads\/2025\/05\/Cap-de-Creus-Corall-Tinto.png","width":765,"height":1024},{"@type":"BreadcrumbList","@id":"https:\/\/aral2.cetrexmarketing.com\/ca\/producto\/cap-de-creus-corall-negre\/#breadcrumb","itemListElement":[{"@type":"ListItem","position":1,"name":"Home","item":"https:\/\/aral2.cetrexmarketing.com\/ca\/"},{"@type":"ListItem","position":2,"name":"Tienda","item":"https:\/\/aral2.cetrexmarketing.com\/ca\/tienda-2\/"},{"@type":"ListItem","position":3,"name":"Vi","item":"https:\/\/aral2.cetrexmarketing.com\/categoria-producto\/vi\/"},{"@type":"ListItem","position":4,"name":"Vi Negre","item":"https:\/\/aral2.cetrexmarketing.com\/categoria-producto\/vi\/vi-negre\/"},{"@type":"ListItem","position":5,"name":"Cap de Creus Corall Negre"}]},{"@type":"WebSite","@id":"https:\/\/aral2.cetrexmarketing.com\/#website","url":"https:\/\/aral2.cetrexmarketing.com\/","name":"M\u00f3n La Cata","description":"Tienda de vinos, licores, cervezas y gourmet","publisher":{"@id":"https:\/\/aral2.cetrexmarketing.com\/#organization"},"potentialAction":[{"@type":"SearchAction","target":{"@type":"EntryPoint","urlTemplate":"https:\/\/aral2.cetrexmarketing.com\/?s={search_term_string}"},"query-input":{"@type":"PropertyValueSpecification","valueRequired":true,"valueName":"search_term_string"}}],"inLanguage":"ca"},{"@type":"Organization","@id":"https:\/\/aral2.cetrexmarketing.com\/#organization","name":"M\u00f3n La Cata","url":"https:\/\/aral2.cetrexmarketing.com\/","logo":{"@type":"ImageObject","inLanguage":"ca","@id":"https:\/\/aral2.cetrexmarketing.com\/#\/schema\/logo\/image\/","url":"https:\/\/aral2.cetrexmarketing.com\/wp-content\/uploads\/2024\/10\/aral-logo-neg-1024x409-1.png","contentUrl":"https:\/\/aral2.cetrexmarketing.com\/wp-content\/uploads\/2024\/10\/aral-logo-neg-1024x409-1.png","width":1024,"height":409,"caption":"M\u00f3n La Cata"},"image":{"@id":"https:\/\/aral2.cetrexmarketing.com\/#\/schema\/logo\/image\/"}}]}},"brands":[{"id":32879,"name":"Empord\u00e0 D.O.","slug":"emporda-d-o"}],"_links":{"self":[{"href":"https:\/\/aral2.cetrexmarketing.com\/ca\/wp-json\/wp\/v2\/product\/85123","targetHints":{"allow":["GET"]}}],"collection":[{"href":"https:\/\/aral2.cetrexmarketing.com\/ca\/wp-json\/wp\/v2\/product"}],"about":[{"href":"https:\/\/aral2.cetrexmarketing.com\/ca\/wp-json\/wp\/v2\/types\/product"}],"replies":[{"embeddable":true,"href":"https:\/\/aral2.cetrexmarketing.com\/ca\/wp-json\/wp\/v2\/comments?post=85123"}],"wp:featuredmedia":[{"embeddable":true,"href":"https:\/\/aral2.cetrexmarketing.com\/ca\/wp-json\/wp\/v2\/media\/85120"}],"wp:attachment":[{"href":"https:\/\/aral2.cetrexmarketing.com\/ca\/wp-json\/wp\/v2\/media?parent=85123"}],"wp:term":[{"taxonomy":"pwb-brand","embeddable":true,"href":"https:\/\/aral2.cetrexmarketing.com\/ca\/wp-json\/wp\/v2\/pwb-brand?post=85123"},{"taxonomy":"product_brand","embeddable":true,"href":"https:\/\/aral2.cetrexmarketing.com\/ca\/wp-json\/wp\/v2\/product_brand?post=85123"},{"taxonomy":"product_cat","embeddable":true,"href":"https:\/\/aral2.cetrexmarketing.com\/ca\/wp-json\/wp\/v2\/product_cat?post=85123"},{"taxonomy":"product_tag","embeddable":true,"href":"https:\/\/aral2.cetrexmarketing.com\/ca\/wp-json\/wp\/v2\/product_tag?post=85123"}],"curies":[{"name":"wp","href":"https:\/\/api.w.org\/{rel}","templated":true}]}}

<p> Empordá del celler Cap de Creus (del grup d’origen Roeta). (Picota i Plum Cherry). La influència mediterrània es nota a les notes balsàmiques, a la tramuntana en la frescor i al tauler pirinès dels tocs minerals i a la bona estructura que té.></p>

<p dir="ltr"><span>Empordà del celler Cap de Creus (del grup Roqueta Origen).</span></p>
<p dir="ltr">Varietats Lledoner i Carinyena.</p>
<p dir="ltr"><span>Fresc amb aromes de fruita vermella (maduixa i mora) i fruita negra (cirera picota i pruna). Se li nota la influència mediterrània en les notes balsàmiques, la tramuntana en la frescor i la pissarra Pirenaica als tocs minerals i la bona estructura que té.</span></p>
<p dir="ltr">Maridar amb guisats o arròs mar i muntanya.</p></p>

<!-- This site is optimized with the Yoast SEO Premium plugin v23.1 (Yoast SEO v23.5) - https://yoast.com/wordpress/plugins/seo/ -->
<title>Cap de Creus Corall Negre</title>
<meta name="description" content="Comprar online al millor preu el vi negre Cap de Creu Corall, de la DO Empordà. Enviament Exprés. Descompte per compra de 6 ampolles. Viniteca especialitzada." />
<meta name="robots" content="noindex, follow, max-snippet:-1, max-image-preview:large, max-video-preview:-1" />
<meta property="og:locale" content="ca_ES" />
<meta property="og:type" content="article" />
<meta property="og:title" content="Cap de Creus Corall Negre" />
<meta property="og:description" content="Comprar online al millor preu el vi negre Cap de Creu Corall, de la DO Empordà. Enviament Exprés. Descompte per compra de 6 ampolles. Viniteca especialitzada." />
<meta property="og:url" content="https://aral2.cetrexmarketing.com/ca/producto/cap-de-creus-corall-negre/" />
<meta property="og:site_name" content="Món La Cata" />
<meta property="article:modified_time" content="2025-05-25T06:15:09+00:00" />
<meta property="og:image" content="https://aral2.cetrexmarketing.com/wp-content/uploads/2025/05/Cap-de-Creus-Corall-Tinto.png" />
	<meta property="og:image:width" content="765" />
	<meta property="og:image:height" content="1024" />
	<meta property="og:image:type" content="image/png" />
<meta name="twitter:card" content="summary_large_image" />
<script type="application/ld+json" class="yoast-schema-graph">{"@context":"https://schema.org","@graph":[{"@type":"WebPage","@id":"https://aral2.cetrexmarketing.com/ca/producto/cap-de-creus-corall-negre/","url":"https://aral2.cetrexmarketing.com/ca/producto/cap-de-creus-corall-negre/","name":"Cap de Creus Corall Negre","isPartOf":{"@id":"https://aral2.cetrexmarketing.com/#website"},"primaryImageOfPage":{"@id":"https://aral2.cetrexmarketing.com/ca/producto/cap-de-creus-corall-negre/#primaryimage"},"image":{"@id":"https://aral2.cetrexmarketing.com/ca/producto/cap-de-creus-corall-negre/#primaryimage"},"thumbnailUrl":"https://aral2.cetrexmarketing.com/wp-content/uploads/2025/05/Cap-de-Creus-Corall-Tinto.png","datePublished":"2025-05-25T06:15:08+00:00","dateModified":"2025-05-25T06:15:09+00:00","description":"Comprar online al millor preu el vi negre Cap de Creu Corall, de la DO Empordà. Enviament Exprés. Descompte per compra de 6 ampolles. Viniteca especialitzada.","breadcrumb":{"@id":"https://aral2.cetrexmarketing.com/ca/producto/cap-de-creus-corall-negre/#breadcrumb"},"inLanguage":"ca","potentialAction":[{"@type":"ReadAction","target":["https://aral2.cetrexmarketing.com/ca/producto/cap-de-creus-corall-negre/"]}]},{"@type":"ImageObject","inLanguage":"ca","@id":"https://aral2.cetrexmarketing.com/ca/producto/cap-de-creus-corall-negre/#primaryimage","url":"https://aral2.cetrexmarketing.com/wp-content/uploads/2025/05/Cap-de-Creus-Corall-Tinto.png","contentUrl":"https://aral2.cetrexmarketing.com/wp-content/uploads/2025/05/Cap-de-Creus-Corall-Tinto.png","width":765,"height":1024},{"@type":"BreadcrumbList","@id":"https://aral2.cetrexmarketing.com/ca/producto/cap-de-creus-corall-negre/#breadcrumb","itemListElement":[{"@type":"ListItem","position":1,"name":"Home","item":"https://aral2.cetrexmarketing.com/ca/"},{"@type":"ListItem","position":2,"name":"Tienda","item":"https://aral2.cetrexmarketing.com/ca/tienda-2/"},{"@type":"ListItem","position":3,"name":"Vi","item":"https://aral2.cetrexmarketing.com/categoria-producto/vi/"},{"@type":"ListItem","position":4,"name":"Vi Negre","item":"https://aral2.cetrexmarketing.com/categoria-producto/vi/vi-negre/"},{"@type":"ListItem","position":5,"name":"Cap de Creus Corall Negre"}]},{"@type":"WebSite","@id":"https://aral2.cetrexmarketing.com/#website","url":"https://aral2.cetrexmarketing.com/","name":"Món La Cata","description":"Tienda de vinos, licores, cervezas y gourmet","publisher":{"@id":"https://aral2.cetrexmarketing.com/#organization"},"potentialAction":[{"@type":"SearchAction","target":{"@type":"EntryPoint","urlTemplate":"https://aral2.cetrexmarketing.com/?s={search_term_string}"},"query-input":{"@type":"PropertyValueSpecification","valueRequired":true,"valueName":"search_term_string"}}],"inLanguage":"ca"},{"@type":"Organization","@id":"https://aral2.cetrexmarketing.com/#organization","name":"Món La Cata","url":"https://aral2.cetrexmarketing.com/","logo":{"@type":"ImageObject","inLanguage":"ca","@id":"https://aral2.cetrexmarketing.com/#/schema/logo/image/","url":"https://aral2.cetrexmarketing.com/wp-content/uploads/2024/10/aral-logo-neg-1024x409-1.png","contentUrl":"https://aral2.cetrexmarketing.com/wp-content/uploads/2024/10/aral-logo-neg-1024x409-1.png","width":1024,"height":409,"caption":"Món La Cata"},"image":{"@id":"https://aral2.cetrexmarketing.com/#/schema/logo/image/"}}]}</script>
<!-- / Yoast SEO Premium plugin. -->

Comprar online al millor preu el vi negre Cap de Creu Corall, de la DO Empordà. Enviament Exprés. Descompte per compra de 6 ampolles. Viniteca especialitzada.

Món La Cata

Empordà D.O.
