{"id":83917,"date":"2025-05-24T08:41:30","date_gmt":"2025-05-24T08:41:30","guid":{"rendered":"https:\/\/aral2.cetrexmarketing.com\/producto\/matsu-el-recio-2\/"},"modified":"2025-05-24T08:41:32","modified_gmt":"2025-05-24T08:41:32","slug":"matsu-el-recio-2","status":"publish","type":"product","link":"https:\/\/aral2.cetrexmarketing.com\/ca\/producto\/matsu-el-recio-2\/","title":{"rendered":"Matsu El Recio"},"content":{"rendered":"<p><strong>Matsu Recio<\/strong> \u00e9s un vi negre d&#8217;alta qualitat, originari de la denominaci\u00f3 d&#8217;origen Toro a Espanya, una regi\u00f3 coneguda per la seva tradici\u00f3 vin\u00edcola i la producci\u00f3 de vins intensos i potents. Aquest vi forma part de la s\u00e8rie Matsu, que es distingeix per la seva aposta per la producci\u00f3 artesanal i sostenible.<\/p>\n<p>El nom &#8220;Recio&#8221; fa refer\u00e8ncia a la for\u00e7a i car\u00e0cter de la vinya, aix\u00ed com a l&#8217;ess\u00e8ncia del vi. Es elabora principalment a partir de la vinya <strong>Tinta de Toro<\/strong>, una varietat local que es cultiva en vinyes antigues, algunes de les quals tenen m\u00e9s de 100 anys, fet que contribueix a la complexitat i intensitat del vi.<\/p>\n<p>El proc\u00e9s de vinificaci\u00f3 de Matsu Recio destaca pel respecte al terreny i l&#8217;\u00fas de t\u00e8cniques tradicionals. El vi passa per una crian\u00e7a en b\u00f3tes de roure, la qual cosa li atorga una estructura robusta i sabors complexos. Aquest envelliment en fusta tamb\u00e9 li aporta notes d&#8217;esp\u00e8cies, fusta i fruits negres, convertint-lo en un vi elegant i profund.<\/p>\n","protected":false},"excerpt":{"rendered":"<p><strong>Matsu Recio<\/strong> \u00e9s un vi negre de la denominaci\u00f3 d&#8217;origen Toro, elaborat principalment amb ra\u00efm Tinta de Toro provinent de vinyes antigues, algunes de les quals tenen m\u00e9s de 100 anys. Forma part de la s\u00e8rie Matsu, que combina producci\u00f3 artesanal i sostenible amb t\u00e8cniques tradicionals, incloent-hi una crian\u00e7a en barriques de roure que aporta estructura, complexitat i notes d&#8217;esp\u00e8cies, fusta i fruits negres, destacant com un vi elegant, intens i profund.<\/p>\n","protected":false},"featured_media":83914,"comment_status":"closed","ping_status":"closed","template":"","meta":{"_acf_changed":false},"pwb-brand":[45054,32915],"product_brand":[],"product_cat":[51670,51671],"product_tag":[16209,16218,52363,16210],"class_list":{"0":"post-83917","1":"product","2":"type-product","3":"status-publish","4":"has-post-thumbnail","6":"pwb-brand-matsu","7":"pwb-brand-toro-d-o","8":"product_cat-vi","9":"product_cat-vi-negre","10":"product_tag-do-toro-ca","11":"product_tag-matsu-ca","12":"product_tag-matsu-el-recio-2","13":"product_tag-toro-ca","14":"pa_anada-36212","15":"pa_bodega-a2-matsubodegasyvinedosecolog","16":"pa_do-toro-d-o-ca","17":"pa_ecologico-vegano-natural-vega","18":"pa_formatoenml-38306","19":"pa_gastronomico-negre-gastronomic","20":"pa_graduacion-14_5","21":"pa_maridaje-carn-blanca","22":"pa_maridaje-carn-roja","23":"pa_pais-espanya-ca","24":"pa_variedad-principal-tinta-de-toro-ca","25":"entry","26":"has-media","28":"first","29":"instock","30":"taxable","31":"shipping-taxable","32":"purchasable","33":"product-type-simple"},"acf":[],"yoast_head":"<!-- This site is optimized with the Yoast SEO Premium plugin v23.1 (Yoast SEO v23.5) - https:\/\/yoast.com\/wordpress\/plugins\/seo\/ -->\n<title>Matsu El Recio<\/title>\n<meta name=\"description\" content=\"Comprar online el vi Matsu El Recio de la DO Toro.\" \/>\n<meta name=\"robots\" content=\"noindex, follow, max-snippet:-1, max-image-preview:large, max-video-preview:-1\" \/>\n<meta property=\"og:locale\" content=\"ca_ES\" \/>\n<meta property=\"og:type\" content=\"article\" \/>\n<meta property=\"og:title\" content=\"Matsu El Recio\" \/>\n<meta property=\"og:description\" content=\"Comprar online el vi Matsu El Recio de la DO Toro.\" \/>\n<meta property=\"og:url\" content=\"https:\/\/aral2.cetrexmarketing.com\/ca\/producto\/matsu-el-recio-2\/\" \/>\n<meta property=\"og:site_name\" content=\"M\u00f3n La Cata\" \/>\n<meta property=\"article:modified_time\" content=\"2025-05-24T08:41:32+00:00\" \/>\n<meta property=\"og:image\" content=\"https:\/\/aral2.cetrexmarketing.com\/wp-content\/uploads\/2025\/05\/Matsu-El-Recio.jpg.png\" \/>\n\t<meta property=\"og:image:width\" content=\"765\" \/>\n\t<meta property=\"og:image:height\" content=\"1024\" \/>\n\t<meta property=\"og:image:type\" content=\"image\/png\" \/>\n<meta name=\"twitter:card\" content=\"summary_large_image\" \/>\n<meta name=\"twitter:label1\" content=\"Temps estimat de lectura\" \/>\n\t<meta name=\"twitter:data1\" content=\"2 minuts\" \/>\n<script type=\"application\/ld+json\" class=\"yoast-schema-graph\">{\"@context\":\"https:\/\/schema.org\",\"@graph\":[{\"@type\":\"WebPage\",\"@id\":\"https:\/\/aral2.cetrexmarketing.com\/ca\/producto\/matsu-el-recio-2\/\",\"url\":\"https:\/\/aral2.cetrexmarketing.com\/ca\/producto\/matsu-el-recio-2\/\",\"name\":\"Matsu El Recio\",\"isPartOf\":{\"@id\":\"https:\/\/aral2.cetrexmarketing.com\/#website\"},\"primaryImageOfPage\":{\"@id\":\"https:\/\/aral2.cetrexmarketing.com\/ca\/producto\/matsu-el-recio-2\/#primaryimage\"},\"image\":{\"@id\":\"https:\/\/aral2.cetrexmarketing.com\/ca\/producto\/matsu-el-recio-2\/#primaryimage\"},\"thumbnailUrl\":\"https:\/\/aral2.cetrexmarketing.com\/wp-content\/uploads\/2025\/05\/Matsu-El-Recio.jpg.png\",\"datePublished\":\"2025-05-24T08:41:30+00:00\",\"dateModified\":\"2025-05-24T08:41:32+00:00\",\"description\":\"Comprar online el vi Matsu El Recio de la DO Toro.\",\"breadcrumb\":{\"@id\":\"https:\/\/aral2.cetrexmarketing.com\/ca\/producto\/matsu-el-recio-2\/#breadcrumb\"},\"inLanguage\":\"ca\",\"potentialAction\":[{\"@type\":\"ReadAction\",\"target\":[\"https:\/\/aral2.cetrexmarketing.com\/ca\/producto\/matsu-el-recio-2\/\"]}]},{\"@type\":\"ImageObject\",\"inLanguage\":\"ca\",\"@id\":\"https:\/\/aral2.cetrexmarketing.com\/ca\/producto\/matsu-el-recio-2\/#primaryimage\",\"url\":\"https:\/\/aral2.cetrexmarketing.com\/wp-content\/uploads\/2025\/05\/Matsu-El-Recio.jpg.png\",\"contentUrl\":\"https:\/\/aral2.cetrexmarketing.com\/wp-content\/uploads\/2025\/05\/Matsu-El-Recio.jpg.png\",\"width\":765,\"height\":1024},{\"@type\":\"BreadcrumbList\",\"@id\":\"https:\/\/aral2.cetrexmarketing.com\/ca\/producto\/matsu-el-recio-2\/#breadcrumb\",\"itemListElement\":[{\"@type\":\"ListItem\",\"position\":1,\"name\":\"Home\",\"item\":\"https:\/\/aral2.cetrexmarketing.com\/ca\/\"},{\"@type\":\"ListItem\",\"position\":2,\"name\":\"Tienda\",\"item\":\"https:\/\/aral2.cetrexmarketing.com\/ca\/tienda-2\/\"},{\"@type\":\"ListItem\",\"position\":3,\"name\":\"Vi\",\"item\":\"https:\/\/aral2.cetrexmarketing.com\/categoria-producto\/vi\/\"},{\"@type\":\"ListItem\",\"position\":4,\"name\":\"Vi Negre\",\"item\":\"https:\/\/aral2.cetrexmarketing.com\/categoria-producto\/vi\/vi-negre\/\"},{\"@type\":\"ListItem\",\"position\":5,\"name\":\"Matsu El Recio\"}]},{\"@type\":\"WebSite\",\"@id\":\"https:\/\/aral2.cetrexmarketing.com\/#website\",\"url\":\"https:\/\/aral2.cetrexmarketing.com\/\",\"name\":\"M\u00f3n La Cata\",\"description\":\"Tienda de vinos, licores, cervezas y gourmet\",\"publisher\":{\"@id\":\"https:\/\/aral2.cetrexmarketing.com\/#organization\"},\"potentialAction\":[{\"@type\":\"SearchAction\",\"target\":{\"@type\":\"EntryPoint\",\"urlTemplate\":\"https:\/\/aral2.cetrexmarketing.com\/?s={search_term_string}\"},\"query-input\":{\"@type\":\"PropertyValueSpecification\",\"valueRequired\":true,\"valueName\":\"search_term_string\"}}],\"inLanguage\":\"ca\"},{\"@type\":\"Organization\",\"@id\":\"https:\/\/aral2.cetrexmarketing.com\/#organization\",\"name\":\"M\u00f3n La Cata\",\"url\":\"https:\/\/aral2.cetrexmarketing.com\/\",\"logo\":{\"@type\":\"ImageObject\",\"inLanguage\":\"ca\",\"@id\":\"https:\/\/aral2.cetrexmarketing.com\/#\/schema\/logo\/image\/\",\"url\":\"https:\/\/aral2.cetrexmarketing.com\/wp-content\/uploads\/2024\/10\/aral-logo-neg-1024x409-1.png\",\"contentUrl\":\"https:\/\/aral2.cetrexmarketing.com\/wp-content\/uploads\/2024\/10\/aral-logo-neg-1024x409-1.png\",\"width\":1024,\"height\":409,\"caption\":\"M\u00f3n La Cata\"},\"image\":{\"@id\":\"https:\/\/aral2.cetrexmarketing.com\/#\/schema\/logo\/image\/\"}}]}<\/script>\n<!-- \/ Yoast SEO Premium plugin. -->","yoast_head_json":{"title":"Matsu El Recio","description":"Comprar online el vi Matsu El Recio de la DO Toro.","robots":{"index":"noindex","follow":"follow","max-snippet":"max-snippet:-1","max-image-preview":"max-image-preview:large","max-video-preview":"max-video-preview:-1"},"og_locale":"ca_ES","og_type":"article","og_title":"Matsu El Recio","og_description":"Comprar online el vi Matsu El Recio de la DO Toro.","og_url":"https:\/\/aral2.cetrexmarketing.com\/ca\/producto\/matsu-el-recio-2\/","og_site_name":"M\u00f3n La Cata","article_modified_time":"2025-05-24T08:41:32+00:00","og_image":[{"width":765,"height":1024,"url":"https:\/\/aral2.cetrexmarketing.com\/wp-content\/uploads\/2025\/05\/Matsu-El-Recio.jpg.png","type":"image\/png"}],"twitter_card":"summary_large_image","twitter_misc":{"Temps estimat de lectura":"2 minuts"},"schema":{"@context":"https:\/\/schema.org","@graph":[{"@type":"WebPage","@id":"https:\/\/aral2.cetrexmarketing.com\/ca\/producto\/matsu-el-recio-2\/","url":"https:\/\/aral2.cetrexmarketing.com\/ca\/producto\/matsu-el-recio-2\/","name":"Matsu El Recio","isPartOf":{"@id":"https:\/\/aral2.cetrexmarketing.com\/#website"},"primaryImageOfPage":{"@id":"https:\/\/aral2.cetrexmarketing.com\/ca\/producto\/matsu-el-recio-2\/#primaryimage"},"image":{"@id":"https:\/\/aral2.cetrexmarketing.com\/ca\/producto\/matsu-el-recio-2\/#primaryimage"},"thumbnailUrl":"https:\/\/aral2.cetrexmarketing.com\/wp-content\/uploads\/2025\/05\/Matsu-El-Recio.jpg.png","datePublished":"2025-05-24T08:41:30+00:00","dateModified":"2025-05-24T08:41:32+00:00","description":"Comprar online el vi Matsu El Recio de la DO Toro.","breadcrumb":{"@id":"https:\/\/aral2.cetrexmarketing.com\/ca\/producto\/matsu-el-recio-2\/#breadcrumb"},"inLanguage":"ca","potentialAction":[{"@type":"ReadAction","target":["https:\/\/aral2.cetrexmarketing.com\/ca\/producto\/matsu-el-recio-2\/"]}]},{"@type":"ImageObject","inLanguage":"ca","@id":"https:\/\/aral2.cetrexmarketing.com\/ca\/producto\/matsu-el-recio-2\/#primaryimage","url":"https:\/\/aral2.cetrexmarketing.com\/wp-content\/uploads\/2025\/05\/Matsu-El-Recio.jpg.png","contentUrl":"https:\/\/aral2.cetrexmarketing.com\/wp-content\/uploads\/2025\/05\/Matsu-El-Recio.jpg.png","width":765,"height":1024},{"@type":"BreadcrumbList","@id":"https:\/\/aral2.cetrexmarketing.com\/ca\/producto\/matsu-el-recio-2\/#breadcrumb","itemListElement":[{"@type":"ListItem","position":1,"name":"Home","item":"https:\/\/aral2.cetrexmarketing.com\/ca\/"},{"@type":"ListItem","position":2,"name":"Tienda","item":"https:\/\/aral2.cetrexmarketing.com\/ca\/tienda-2\/"},{"@type":"ListItem","position":3,"name":"Vi","item":"https:\/\/aral2.cetrexmarketing.com\/categoria-producto\/vi\/"},{"@type":"ListItem","position":4,"name":"Vi Negre","item":"https:\/\/aral2.cetrexmarketing.com\/categoria-producto\/vi\/vi-negre\/"},{"@type":"ListItem","position":5,"name":"Matsu El Recio"}]},{"@type":"WebSite","@id":"https:\/\/aral2.cetrexmarketing.com\/#website","url":"https:\/\/aral2.cetrexmarketing.com\/","name":"M\u00f3n La Cata","description":"Tienda de vinos, licores, cervezas y gourmet","publisher":{"@id":"https:\/\/aral2.cetrexmarketing.com\/#organization"},"potentialAction":[{"@type":"SearchAction","target":{"@type":"EntryPoint","urlTemplate":"https:\/\/aral2.cetrexmarketing.com\/?s={search_term_string}"},"query-input":{"@type":"PropertyValueSpecification","valueRequired":true,"valueName":"search_term_string"}}],"inLanguage":"ca"},{"@type":"Organization","@id":"https:\/\/aral2.cetrexmarketing.com\/#organization","name":"M\u00f3n La Cata","url":"https:\/\/aral2.cetrexmarketing.com\/","logo":{"@type":"ImageObject","inLanguage":"ca","@id":"https:\/\/aral2.cetrexmarketing.com\/#\/schema\/logo\/image\/","url":"https:\/\/aral2.cetrexmarketing.com\/wp-content\/uploads\/2024\/10\/aral-logo-neg-1024x409-1.png","contentUrl":"https:\/\/aral2.cetrexmarketing.com\/wp-content\/uploads\/2024\/10\/aral-logo-neg-1024x409-1.png","width":1024,"height":409,"caption":"M\u00f3n La Cata"},"image":{"@id":"https:\/\/aral2.cetrexmarketing.com\/#\/schema\/logo\/image\/"}}]}},"brands":[{"id":45054,"name":"Matsu","slug":"matsu"},{"id":32915,"name":"Toro D.O.","slug":"toro-d-o"}],"_links":{"self":[{"href":"https:\/\/aral2.cetrexmarketing.com\/ca\/wp-json\/wp\/v2\/product\/83917","targetHints":{"allow":["GET"]}}],"collection":[{"href":"https:\/\/aral2.cetrexmarketing.com\/ca\/wp-json\/wp\/v2\/product"}],"about":[{"href":"https:\/\/aral2.cetrexmarketing.com\/ca\/wp-json\/wp\/v2\/types\/product"}],"replies":[{"embeddable":true,"href":"https:\/\/aral2.cetrexmarketing.com\/ca\/wp-json\/wp\/v2\/comments?post=83917"}],"wp:featuredmedia":[{"embeddable":true,"href":"https:\/\/aral2.cetrexmarketing.com\/ca\/wp-json\/wp\/v2\/media\/83914"}],"wp:attachment":[{"href":"https:\/\/aral2.cetrexmarketing.com\/ca\/wp-json\/wp\/v2\/media?parent=83917"}],"wp:term":[{"taxonomy":"pwb-brand","embeddable":true,"href":"https:\/\/aral2.cetrexmarketing.com\/ca\/wp-json\/wp\/v2\/pwb-brand?post=83917"},{"taxonomy":"product_brand","embeddable":true,"href":"https:\/\/aral2.cetrexmarketing.com\/ca\/wp-json\/wp\/v2\/product_brand?post=83917"},{"taxonomy":"product_cat","embeddable":true,"href":"https:\/\/aral2.cetrexmarketing.com\/ca\/wp-json\/wp\/v2\/product_cat?post=83917"},{"taxonomy":"product_tag","embeddable":true,"href":"https:\/\/aral2.cetrexmarketing.com\/ca\/wp-json\/wp\/v2\/product_tag?post=83917"}],"curies":[{"name":"wp","href":"https:\/\/api.w.org\/{rel}","templated":true}]}}

<p><strong>Matsu Recio</strong> és un vi negre d&#8217;alta qualitat, originari de la denominació d&#8217;origen Toro a Espanya, una regió coneguda per la seva tradició vinícola i la producció de vins intensos i potents. Aquest vi forma part de la sèrie Matsu, que es distingeix per la seva aposta per la producció artesanal i sostenible.</p>
<p>El nom &#8220;Recio&#8221; fa referència a la força i caràcter de la vinya, així com a l&#8217;essència del vi. Es elabora principalment a partir de la vinya <strong>Tinta de Toro</strong>, una varietat local que es cultiva en vinyes antigues, algunes de les quals tenen més de 100 anys, fet que contribueix a la complexitat i intensitat del vi.</p>
<p>El procés de vinificació de Matsu Recio destaca pel respecte al terreny i l&#8217;ús de tècniques tradicionals. El vi passa per una criança en bótes de roure, la qual cosa li atorga una estructura robusta i sabors complexos. Aquest envelliment en fusta també li aporta notes d&#8217;espècies, fusta i fruits negres, convertint-lo en un vi elegant i profund.</p>

<p><strong>Matsu Recio</strong> és un vi negre de la denominació d&#8217;origen Toro, elaborat principalment amb raïm Tinta de Toro provinent de vinyes antigues, algunes de les quals tenen més de 100 anys. Forma part de la sèrie Matsu, que combina producció artesanal i sostenible amb tècniques tradicionals, incloent-hi una criança en barriques de roure que aporta estructura, complexitat i notes d&#8217;espècies, fusta i fruits negres, destacant com un vi elegant, intens i profund.</p>

<!-- This site is optimized with the Yoast SEO Premium plugin v23.1 (Yoast SEO v23.5) - https://yoast.com/wordpress/plugins/seo/ -->
<title>Matsu El Recio</title>
<meta name="description" content="Comprar online el vi Matsu El Recio de la DO Toro." />
<meta name="robots" content="noindex, follow, max-snippet:-1, max-image-preview:large, max-video-preview:-1" />
<meta property="og:locale" content="ca_ES" />
<meta property="og:type" content="article" />
<meta property="og:title" content="Matsu El Recio" />
<meta property="og:description" content="Comprar online el vi Matsu El Recio de la DO Toro." />
<meta property="og:url" content="https://aral2.cetrexmarketing.com/ca/producto/matsu-el-recio-2/" />
<meta property="og:site_name" content="Món La Cata" />
<meta property="article:modified_time" content="2025-05-24T08:41:32+00:00" />
<meta property="og:image" content="https://aral2.cetrexmarketing.com/wp-content/uploads/2025/05/Matsu-El-Recio.jpg.png" />
	<meta property="og:image:width" content="765" />
	<meta property="og:image:height" content="1024" />
	<meta property="og:image:type" content="image/png" />
<meta name="twitter:card" content="summary_large_image" />
<meta name="twitter:label1" content="Temps estimat de lectura" />
	<meta name="twitter:data1" content="2 minuts" />
<script type="application/ld+json" class="yoast-schema-graph">{"@context":"https://schema.org","@graph":[{"@type":"WebPage","@id":"https://aral2.cetrexmarketing.com/ca/producto/matsu-el-recio-2/","url":"https://aral2.cetrexmarketing.com/ca/producto/matsu-el-recio-2/","name":"Matsu El Recio","isPartOf":{"@id":"https://aral2.cetrexmarketing.com/#website"},"primaryImageOfPage":{"@id":"https://aral2.cetrexmarketing.com/ca/producto/matsu-el-recio-2/#primaryimage"},"image":{"@id":"https://aral2.cetrexmarketing.com/ca/producto/matsu-el-recio-2/#primaryimage"},"thumbnailUrl":"https://aral2.cetrexmarketing.com/wp-content/uploads/2025/05/Matsu-El-Recio.jpg.png","datePublished":"2025-05-24T08:41:30+00:00","dateModified":"2025-05-24T08:41:32+00:00","description":"Comprar online el vi Matsu El Recio de la DO Toro.","breadcrumb":{"@id":"https://aral2.cetrexmarketing.com/ca/producto/matsu-el-recio-2/#breadcrumb"},"inLanguage":"ca","potentialAction":[{"@type":"ReadAction","target":["https://aral2.cetrexmarketing.com/ca/producto/matsu-el-recio-2/"]}]},{"@type":"ImageObject","inLanguage":"ca","@id":"https://aral2.cetrexmarketing.com/ca/producto/matsu-el-recio-2/#primaryimage","url":"https://aral2.cetrexmarketing.com/wp-content/uploads/2025/05/Matsu-El-Recio.jpg.png","contentUrl":"https://aral2.cetrexmarketing.com/wp-content/uploads/2025/05/Matsu-El-Recio.jpg.png","width":765,"height":1024},{"@type":"BreadcrumbList","@id":"https://aral2.cetrexmarketing.com/ca/producto/matsu-el-recio-2/#breadcrumb","itemListElement":[{"@type":"ListItem","position":1,"name":"Home","item":"https://aral2.cetrexmarketing.com/ca/"},{"@type":"ListItem","position":2,"name":"Tienda","item":"https://aral2.cetrexmarketing.com/ca/tienda-2/"},{"@type":"ListItem","position":3,"name":"Vi","item":"https://aral2.cetrexmarketing.com/categoria-producto/vi/"},{"@type":"ListItem","position":4,"name":"Vi Negre","item":"https://aral2.cetrexmarketing.com/categoria-producto/vi/vi-negre/"},{"@type":"ListItem","position":5,"name":"Matsu El Recio"}]},{"@type":"WebSite","@id":"https://aral2.cetrexmarketing.com/#website","url":"https://aral2.cetrexmarketing.com/","name":"Món La Cata","description":"Tienda de vinos, licores, cervezas y gourmet","publisher":{"@id":"https://aral2.cetrexmarketing.com/#organization"},"potentialAction":[{"@type":"SearchAction","target":{"@type":"EntryPoint","urlTemplate":"https://aral2.cetrexmarketing.com/?s={search_term_string}"},"query-input":{"@type":"PropertyValueSpecification","valueRequired":true,"valueName":"search_term_string"}}],"inLanguage":"ca"},{"@type":"Organization","@id":"https://aral2.cetrexmarketing.com/#organization","name":"Món La Cata","url":"https://aral2.cetrexmarketing.com/","logo":{"@type":"ImageObject","inLanguage":"ca","@id":"https://aral2.cetrexmarketing.com/#/schema/logo/image/","url":"https://aral2.cetrexmarketing.com/wp-content/uploads/2024/10/aral-logo-neg-1024x409-1.png","contentUrl":"https://aral2.cetrexmarketing.com/wp-content/uploads/2024/10/aral-logo-neg-1024x409-1.png","width":1024,"height":409,"caption":"Món La Cata"},"image":{"@id":"https://aral2.cetrexmarketing.com/#/schema/logo/image/"}}]}</script>
<!-- / Yoast SEO Premium plugin. -->

Món La Cata
