{"id":78750,"date":"2025-05-24T06:59:59","date_gmt":"2025-05-24T06:59:59","guid":{"rendered":"https:\/\/aral2.cetrexmarketing.com\/producto\/gramona-vi-de-gel-gewurztraminer\/"},"modified":"2025-05-24T07:00:00","modified_gmt":"2025-05-24T07:00:00","slug":"gramona-vi-de-gel-gewurztraminer","status":"publish","type":"product","link":"https:\/\/aral2.cetrexmarketing.com\/ca\/producto\/gramona-vi-de-gel-gewurztraminer\/","title":{"rendered":"Gramona Vi de gel Gew\u00fcrztraminer"},"content":{"rendered":"<p>Gener\u00f3s Vi de Gel<\/p>\n","protected":false},"excerpt":{"rendered":"<p>Molt expressiu, exuberant i equilibrat. Dol\u00e7 i refrescant al mateix temps, amb notes de fruita ex\u00f2tica. Elaborat amb un nou prototip alimentat per dues c\u00e0meres congeladores que treballen a -15\u00baC amb ajuda de nitrogen l\u00edquid, que millora la congelaci\u00f3 del ra\u00efm. El most fermenta dins el dip\u00f2sit d&#8217;acer inoxidable durant 2,5 mesos.<\/p>\n","protected":false},"featured_media":78052,"comment_status":"closed","ping_status":"closed","template":"","meta":{"_acf_changed":false},"pwb-brand":[],"product_brand":[],"product_cat":[51670,51672,51686],"product_tag":[15086,15042,14982,15087],"class_list":{"0":"post-78750","1":"product","2":"type-product","3":"status-publish","4":"has-post-thumbnail","6":"product_cat-vi","7":"product_cat-vi-blanc","8":"product_cat-vi-generos","9":"product_tag-gewurztraminer-ca","10":"product_tag-gramona-ca","11":"product_tag-penedes-ca","12":"product_tag-vi-de-glass-ca","13":"pa_anada-36214","14":"pa_bodega-gramona","15":"pa_cantidaddeazucar-dolc","16":"pa_do-penedes-d-o-ca","17":"pa_formatoenl-51691","18":"pa_formatoenml-38310","19":"pa_graduacion-9_5","20":"pa_pais-espanya-ca","21":"pa_pesoengramos-38342","22":"pa_pesoenkg-10-ca","23":"pa_pueblociudad-sant-sadurni-danoia-barcelona","24":"pa_region-cataluna","25":"pa_variedades-gewurztraminer-ca","26":"entry","27":"has-media","29":"first","30":"instock","31":"taxable","32":"shipping-taxable","33":"purchasable","34":"product-type-simple"},"acf":[],"yoast_head":"<!-- This site is optimized with the Yoast SEO Premium plugin v23.1 (Yoast SEO v23.5) - https:\/\/yoast.com\/wordpress\/plugins\/seo\/ -->\n<title>Gramona de glass Gew\u00fcztraminer vi dol\u00e7 de fred<\/title>\n<meta name=\"description\" content=\"Comprar online al millor preu vi dol\u00e7 de la DO Pened\u00e8s.\" \/>\n<meta name=\"robots\" content=\"noindex, follow, max-snippet:-1, max-image-preview:large, max-video-preview:-1\" \/>\n<meta property=\"og:locale\" content=\"ca_ES\" \/>\n<meta property=\"og:type\" content=\"article\" \/>\n<meta property=\"og:title\" content=\"Gramona Vi de gel Gew\u00fcrztraminer\" \/>\n<meta property=\"og:description\" content=\"Comprar online al millor preu vi dol\u00e7 de la DO Pened\u00e8s.\" \/>\n<meta property=\"og:url\" content=\"https:\/\/aral2.cetrexmarketing.com\/ca\/producto\/gramona-vi-de-gel-gewurztraminer\/\" \/>\n<meta property=\"og:site_name\" content=\"M\u00f3n La Cata\" \/>\n<meta property=\"article:modified_time\" content=\"2025-05-24T07:00:00+00:00\" \/>\n<meta property=\"og:image\" content=\"https:\/\/aral2.cetrexmarketing.com\/wp-content\/uploads\/2025\/01\/GRAMONA-VI-DE-GLASS-GEWURZTRAMINER.jpeg.png\" \/>\n\t<meta property=\"og:image:width\" content=\"765\" \/>\n\t<meta property=\"og:image:height\" content=\"1024\" \/>\n\t<meta property=\"og:image:type\" content=\"image\/png\" \/>\n<meta name=\"twitter:card\" content=\"summary_large_image\" \/>\n<script type=\"application\/ld+json\" class=\"yoast-schema-graph\">{\"@context\":\"https:\/\/schema.org\",\"@graph\":[{\"@type\":\"WebPage\",\"@id\":\"https:\/\/aral2.cetrexmarketing.com\/ca\/producto\/gramona-vi-de-gel-gewurztraminer\/\",\"url\":\"https:\/\/aral2.cetrexmarketing.com\/ca\/producto\/gramona-vi-de-gel-gewurztraminer\/\",\"name\":\"Gramona de glass Gew\u00fcztraminer vi dol\u00e7 de fred\",\"isPartOf\":{\"@id\":\"https:\/\/aral2.cetrexmarketing.com\/#website\"},\"primaryImageOfPage\":{\"@id\":\"https:\/\/aral2.cetrexmarketing.com\/ca\/producto\/gramona-vi-de-gel-gewurztraminer\/#primaryimage\"},\"image\":{\"@id\":\"https:\/\/aral2.cetrexmarketing.com\/ca\/producto\/gramona-vi-de-gel-gewurztraminer\/#primaryimage\"},\"thumbnailUrl\":\"https:\/\/aral2.cetrexmarketing.com\/wp-content\/uploads\/2025\/01\/GRAMONA-VI-DE-GLASS-GEWURZTRAMINER.jpeg.png\",\"datePublished\":\"2025-05-24T06:59:59+00:00\",\"dateModified\":\"2025-05-24T07:00:00+00:00\",\"description\":\"Comprar online al millor preu vi dol\u00e7 de la DO Pened\u00e8s.\",\"breadcrumb\":{\"@id\":\"https:\/\/aral2.cetrexmarketing.com\/ca\/producto\/gramona-vi-de-gel-gewurztraminer\/#breadcrumb\"},\"inLanguage\":\"ca\",\"potentialAction\":[{\"@type\":\"ReadAction\",\"target\":[\"https:\/\/aral2.cetrexmarketing.com\/ca\/producto\/gramona-vi-de-gel-gewurztraminer\/\"]}]},{\"@type\":\"ImageObject\",\"inLanguage\":\"ca\",\"@id\":\"https:\/\/aral2.cetrexmarketing.com\/ca\/producto\/gramona-vi-de-gel-gewurztraminer\/#primaryimage\",\"url\":\"https:\/\/aral2.cetrexmarketing.com\/wp-content\/uploads\/2025\/01\/GRAMONA-VI-DE-GLASS-GEWURZTRAMINER.jpeg.png\",\"contentUrl\":\"https:\/\/aral2.cetrexmarketing.com\/wp-content\/uploads\/2025\/01\/GRAMONA-VI-DE-GLASS-GEWURZTRAMINER.jpeg.png\",\"width\":765,\"height\":1024},{\"@type\":\"BreadcrumbList\",\"@id\":\"https:\/\/aral2.cetrexmarketing.com\/ca\/producto\/gramona-vi-de-gel-gewurztraminer\/#breadcrumb\",\"itemListElement\":[{\"@type\":\"ListItem\",\"position\":1,\"name\":\"Home\",\"item\":\"https:\/\/aral2.cetrexmarketing.com\/ca\/\"},{\"@type\":\"ListItem\",\"position\":2,\"name\":\"Tienda\",\"item\":\"https:\/\/aral2.cetrexmarketing.com\/ca\/tienda-2\/\"},{\"@type\":\"ListItem\",\"position\":3,\"name\":\"Vi\",\"item\":\"https:\/\/aral2.cetrexmarketing.com\/categoria-producto\/home-ca\/vi-ca\/\"},{\"@type\":\"ListItem\",\"position\":4,\"name\":\"Vinos generosos\",\"item\":\"https:\/\/aral2.cetrexmarketing.com\/categoria-producto\/inicio\/vino\/vino-generoso\/\"},{\"@type\":\"ListItem\",\"position\":5,\"name\":\"Gramona Vi de gel Gew\u00fcrztraminer\"}]},{\"@type\":\"WebSite\",\"@id\":\"https:\/\/aral2.cetrexmarketing.com\/#website\",\"url\":\"https:\/\/aral2.cetrexmarketing.com\/\",\"name\":\"M\u00f3n La Cata\",\"description\":\"Tienda de vinos, licores, cervezas y gourmet\",\"publisher\":{\"@id\":\"https:\/\/aral2.cetrexmarketing.com\/#organization\"},\"potentialAction\":[{\"@type\":\"SearchAction\",\"target\":{\"@type\":\"EntryPoint\",\"urlTemplate\":\"https:\/\/aral2.cetrexmarketing.com\/?s={search_term_string}\"},\"query-input\":{\"@type\":\"PropertyValueSpecification\",\"valueRequired\":true,\"valueName\":\"search_term_string\"}}],\"inLanguage\":\"ca\"},{\"@type\":\"Organization\",\"@id\":\"https:\/\/aral2.cetrexmarketing.com\/#organization\",\"name\":\"M\u00f3n La Cata\",\"url\":\"https:\/\/aral2.cetrexmarketing.com\/\",\"logo\":{\"@type\":\"ImageObject\",\"inLanguage\":\"ca\",\"@id\":\"https:\/\/aral2.cetrexmarketing.com\/#\/schema\/logo\/image\/\",\"url\":\"https:\/\/aral2.cetrexmarketing.com\/wp-content\/uploads\/2024\/10\/aral-logo-neg-1024x409-1.png\",\"contentUrl\":\"https:\/\/aral2.cetrexmarketing.com\/wp-content\/uploads\/2024\/10\/aral-logo-neg-1024x409-1.png\",\"width\":1024,\"height\":409,\"caption\":\"M\u00f3n La Cata\"},\"image\":{\"@id\":\"https:\/\/aral2.cetrexmarketing.com\/#\/schema\/logo\/image\/\"}}]}<\/script>\n<!-- \/ Yoast SEO Premium plugin. -->","yoast_head_json":{"title":"Gramona de glass Gew\u00fcztraminer vi dol\u00e7 de fred","description":"Comprar online al millor preu vi dol\u00e7 de la DO Pened\u00e8s.","robots":{"index":"noindex","follow":"follow","max-snippet":"max-snippet:-1","max-image-preview":"max-image-preview:large","max-video-preview":"max-video-preview:-1"},"og_locale":"ca_ES","og_type":"article","og_title":"Gramona Vi de gel Gew\u00fcrztraminer","og_description":"Comprar online al millor preu vi dol\u00e7 de la DO Pened\u00e8s.","og_url":"https:\/\/aral2.cetrexmarketing.com\/ca\/producto\/gramona-vi-de-gel-gewurztraminer\/","og_site_name":"M\u00f3n La Cata","article_modified_time":"2025-05-24T07:00:00+00:00","og_image":[{"width":765,"height":1024,"url":"https:\/\/aral2.cetrexmarketing.com\/wp-content\/uploads\/2025\/01\/GRAMONA-VI-DE-GLASS-GEWURZTRAMINER.jpeg.png","type":"image\/png"}],"twitter_card":"summary_large_image","schema":{"@context":"https:\/\/schema.org","@graph":[{"@type":"WebPage","@id":"https:\/\/aral2.cetrexmarketing.com\/ca\/producto\/gramona-vi-de-gel-gewurztraminer\/","url":"https:\/\/aral2.cetrexmarketing.com\/ca\/producto\/gramona-vi-de-gel-gewurztraminer\/","name":"Gramona de glass Gew\u00fcztraminer vi dol\u00e7 de fred","isPartOf":{"@id":"https:\/\/aral2.cetrexmarketing.com\/#website"},"primaryImageOfPage":{"@id":"https:\/\/aral2.cetrexmarketing.com\/ca\/producto\/gramona-vi-de-gel-gewurztraminer\/#primaryimage"},"image":{"@id":"https:\/\/aral2.cetrexmarketing.com\/ca\/producto\/gramona-vi-de-gel-gewurztraminer\/#primaryimage"},"thumbnailUrl":"https:\/\/aral2.cetrexmarketing.com\/wp-content\/uploads\/2025\/01\/GRAMONA-VI-DE-GLASS-GEWURZTRAMINER.jpeg.png","datePublished":"2025-05-24T06:59:59+00:00","dateModified":"2025-05-24T07:00:00+00:00","description":"Comprar online al millor preu vi dol\u00e7 de la DO Pened\u00e8s.","breadcrumb":{"@id":"https:\/\/aral2.cetrexmarketing.com\/ca\/producto\/gramona-vi-de-gel-gewurztraminer\/#breadcrumb"},"inLanguage":"ca","potentialAction":[{"@type":"ReadAction","target":["https:\/\/aral2.cetrexmarketing.com\/ca\/producto\/gramona-vi-de-gel-gewurztraminer\/"]}]},{"@type":"ImageObject","inLanguage":"ca","@id":"https:\/\/aral2.cetrexmarketing.com\/ca\/producto\/gramona-vi-de-gel-gewurztraminer\/#primaryimage","url":"https:\/\/aral2.cetrexmarketing.com\/wp-content\/uploads\/2025\/01\/GRAMONA-VI-DE-GLASS-GEWURZTRAMINER.jpeg.png","contentUrl":"https:\/\/aral2.cetrexmarketing.com\/wp-content\/uploads\/2025\/01\/GRAMONA-VI-DE-GLASS-GEWURZTRAMINER.jpeg.png","width":765,"height":1024},{"@type":"BreadcrumbList","@id":"https:\/\/aral2.cetrexmarketing.com\/ca\/producto\/gramona-vi-de-gel-gewurztraminer\/#breadcrumb","itemListElement":[{"@type":"ListItem","position":1,"name":"Home","item":"https:\/\/aral2.cetrexmarketing.com\/ca\/"},{"@type":"ListItem","position":2,"name":"Tienda","item":"https:\/\/aral2.cetrexmarketing.com\/ca\/tienda-2\/"},{"@type":"ListItem","position":3,"name":"Vi","item":"https:\/\/aral2.cetrexmarketing.com\/categoria-producto\/home-ca\/vi-ca\/"},{"@type":"ListItem","position":4,"name":"Vinos generosos","item":"https:\/\/aral2.cetrexmarketing.com\/categoria-producto\/inicio\/vino\/vino-generoso\/"},{"@type":"ListItem","position":5,"name":"Gramona Vi de gel Gew\u00fcrztraminer"}]},{"@type":"WebSite","@id":"https:\/\/aral2.cetrexmarketing.com\/#website","url":"https:\/\/aral2.cetrexmarketing.com\/","name":"M\u00f3n La Cata","description":"Tienda de vinos, licores, cervezas y gourmet","publisher":{"@id":"https:\/\/aral2.cetrexmarketing.com\/#organization"},"potentialAction":[{"@type":"SearchAction","target":{"@type":"EntryPoint","urlTemplate":"https:\/\/aral2.cetrexmarketing.com\/?s={search_term_string}"},"query-input":{"@type":"PropertyValueSpecification","valueRequired":true,"valueName":"search_term_string"}}],"inLanguage":"ca"},{"@type":"Organization","@id":"https:\/\/aral2.cetrexmarketing.com\/#organization","name":"M\u00f3n La Cata","url":"https:\/\/aral2.cetrexmarketing.com\/","logo":{"@type":"ImageObject","inLanguage":"ca","@id":"https:\/\/aral2.cetrexmarketing.com\/#\/schema\/logo\/image\/","url":"https:\/\/aral2.cetrexmarketing.com\/wp-content\/uploads\/2024\/10\/aral-logo-neg-1024x409-1.png","contentUrl":"https:\/\/aral2.cetrexmarketing.com\/wp-content\/uploads\/2024\/10\/aral-logo-neg-1024x409-1.png","width":1024,"height":409,"caption":"M\u00f3n La Cata"},"image":{"@id":"https:\/\/aral2.cetrexmarketing.com\/#\/schema\/logo\/image\/"}}]}},"brands":[],"_links":{"self":[{"href":"https:\/\/aral2.cetrexmarketing.com\/ca\/wp-json\/wp\/v2\/product\/78750","targetHints":{"allow":["GET"]}}],"collection":[{"href":"https:\/\/aral2.cetrexmarketing.com\/ca\/wp-json\/wp\/v2\/product"}],"about":[{"href":"https:\/\/aral2.cetrexmarketing.com\/ca\/wp-json\/wp\/v2\/types\/product"}],"replies":[{"embeddable":true,"href":"https:\/\/aral2.cetrexmarketing.com\/ca\/wp-json\/wp\/v2\/comments?post=78750"}],"wp:featuredmedia":[{"embeddable":true,"href":"https:\/\/aral2.cetrexmarketing.com\/ca\/wp-json\/wp\/v2\/media\/78052"}],"wp:attachment":[{"href":"https:\/\/aral2.cetrexmarketing.com\/ca\/wp-json\/wp\/v2\/media?parent=78750"}],"wp:term":[{"taxonomy":"pwb-brand","embeddable":true,"href":"https:\/\/aral2.cetrexmarketing.com\/ca\/wp-json\/wp\/v2\/pwb-brand?post=78750"},{"taxonomy":"product_brand","embeddable":true,"href":"https:\/\/aral2.cetrexmarketing.com\/ca\/wp-json\/wp\/v2\/product_brand?post=78750"},{"taxonomy":"product_cat","embeddable":true,"href":"https:\/\/aral2.cetrexmarketing.com\/ca\/wp-json\/wp\/v2\/product_cat?post=78750"},{"taxonomy":"product_tag","embeddable":true,"href":"https:\/\/aral2.cetrexmarketing.com\/ca\/wp-json\/wp\/v2\/product_tag?post=78750"}],"curies":[{"name":"wp","href":"https:\/\/api.w.org\/{rel}","templated":true}]}}

Gramona Vi de gel Gewürztraminer

<p>Generós Vi de Gel</p>

<p>Molt expressiu, exuberant i equilibrat. Dolç i refrescant al mateix temps, amb notes de fruita exòtica. Elaborat amb un nou prototip alimentat per dues càmeres congeladores que treballen a -15ºC amb ajuda de nitrogen líquid, que millora la congelació del raïm. El most fermenta dins el dipòsit d&#8217;acer inoxidable durant 2,5 mesos.</p>

<!-- This site is optimized with the Yoast SEO Premium plugin v23.1 (Yoast SEO v23.5) - https://yoast.com/wordpress/plugins/seo/ -->
<title>Gramona de glass Gewüztraminer vi dolç de fred</title>
<meta name="description" content="Comprar online al millor preu vi dolç de la DO Penedès." />
<meta name="robots" content="noindex, follow, max-snippet:-1, max-image-preview:large, max-video-preview:-1" />
<meta property="og:locale" content="ca_ES" />
<meta property="og:type" content="article" />
<meta property="og:title" content="Gramona Vi de gel Gewürztraminer" />
<meta property="og:description" content="Comprar online al millor preu vi dolç de la DO Penedès." />
<meta property="og:url" content="https://aral2.cetrexmarketing.com/ca/producto/gramona-vi-de-gel-gewurztraminer/" />
<meta property="og:site_name" content="Món La Cata" />
<meta property="article:modified_time" content="2025-05-24T07:00:00+00:00" />
<meta property="og:image" content="https://aral2.cetrexmarketing.com/wp-content/uploads/2025/01/GRAMONA-VI-DE-GLASS-GEWURZTRAMINER.jpeg.png" />
	<meta property="og:image:width" content="765" />
	<meta property="og:image:height" content="1024" />
	<meta property="og:image:type" content="image/png" />
<meta name="twitter:card" content="summary_large_image" />
<script type="application/ld+json" class="yoast-schema-graph">{"@context":"https://schema.org","@graph":[{"@type":"WebPage","@id":"https://aral2.cetrexmarketing.com/ca/producto/gramona-vi-de-gel-gewurztraminer/","url":"https://aral2.cetrexmarketing.com/ca/producto/gramona-vi-de-gel-gewurztraminer/","name":"Gramona de glass Gewüztraminer vi dolç de fred","isPartOf":{"@id":"https://aral2.cetrexmarketing.com/#website"},"primaryImageOfPage":{"@id":"https://aral2.cetrexmarketing.com/ca/producto/gramona-vi-de-gel-gewurztraminer/#primaryimage"},"image":{"@id":"https://aral2.cetrexmarketing.com/ca/producto/gramona-vi-de-gel-gewurztraminer/#primaryimage"},"thumbnailUrl":"https://aral2.cetrexmarketing.com/wp-content/uploads/2025/01/GRAMONA-VI-DE-GLASS-GEWURZTRAMINER.jpeg.png","datePublished":"2025-05-24T06:59:59+00:00","dateModified":"2025-05-24T07:00:00+00:00","description":"Comprar online al millor preu vi dolç de la DO Penedès.","breadcrumb":{"@id":"https://aral2.cetrexmarketing.com/ca/producto/gramona-vi-de-gel-gewurztraminer/#breadcrumb"},"inLanguage":"ca","potentialAction":[{"@type":"ReadAction","target":["https://aral2.cetrexmarketing.com/ca/producto/gramona-vi-de-gel-gewurztraminer/"]}]},{"@type":"ImageObject","inLanguage":"ca","@id":"https://aral2.cetrexmarketing.com/ca/producto/gramona-vi-de-gel-gewurztraminer/#primaryimage","url":"https://aral2.cetrexmarketing.com/wp-content/uploads/2025/01/GRAMONA-VI-DE-GLASS-GEWURZTRAMINER.jpeg.png","contentUrl":"https://aral2.cetrexmarketing.com/wp-content/uploads/2025/01/GRAMONA-VI-DE-GLASS-GEWURZTRAMINER.jpeg.png","width":765,"height":1024},{"@type":"BreadcrumbList","@id":"https://aral2.cetrexmarketing.com/ca/producto/gramona-vi-de-gel-gewurztraminer/#breadcrumb","itemListElement":[{"@type":"ListItem","position":1,"name":"Home","item":"https://aral2.cetrexmarketing.com/ca/"},{"@type":"ListItem","position":2,"name":"Tienda","item":"https://aral2.cetrexmarketing.com/ca/tienda-2/"},{"@type":"ListItem","position":3,"name":"Vi","item":"https://aral2.cetrexmarketing.com/categoria-producto/home-ca/vi-ca/"},{"@type":"ListItem","position":4,"name":"Vinos generosos","item":"https://aral2.cetrexmarketing.com/categoria-producto/inicio/vino/vino-generoso/"},{"@type":"ListItem","position":5,"name":"Gramona Vi de gel Gewürztraminer"}]},{"@type":"WebSite","@id":"https://aral2.cetrexmarketing.com/#website","url":"https://aral2.cetrexmarketing.com/","name":"Món La Cata","description":"Tienda de vinos, licores, cervezas y gourmet","publisher":{"@id":"https://aral2.cetrexmarketing.com/#organization"},"potentialAction":[{"@type":"SearchAction","target":{"@type":"EntryPoint","urlTemplate":"https://aral2.cetrexmarketing.com/?s={search_term_string}"},"query-input":{"@type":"PropertyValueSpecification","valueRequired":true,"valueName":"search_term_string"}}],"inLanguage":"ca"},{"@type":"Organization","@id":"https://aral2.cetrexmarketing.com/#organization","name":"Món La Cata","url":"https://aral2.cetrexmarketing.com/","logo":{"@type":"ImageObject","inLanguage":"ca","@id":"https://aral2.cetrexmarketing.com/#/schema/logo/image/","url":"https://aral2.cetrexmarketing.com/wp-content/uploads/2024/10/aral-logo-neg-1024x409-1.png","contentUrl":"https://aral2.cetrexmarketing.com/wp-content/uploads/2024/10/aral-logo-neg-1024x409-1.png","width":1024,"height":409,"caption":"Món La Cata"},"image":{"@id":"https://aral2.cetrexmarketing.com/#/schema/logo/image/"}}]}</script>
<!-- / Yoast SEO Premium plugin. -->

Gramona de glass Gewüztraminer vi dolç de fred

Comprar online al millor preu vi dolç de la DO Penedès.

Món La Cata
