{"id":120044,"date":"2025-05-27T04:42:54","date_gmt":"2025-05-27T04:42:54","guid":{"rendered":"https:\/\/aral2.cetrexmarketing.com\/producto\/tomas-cusine-vilosell-estoig-2-amp\/"},"modified":"2025-05-27T08:10:17","modified_gmt":"2025-05-27T08:10:17","slug":"tomas-cusine-vilosell-estoig-2-amp","status":"publish","type":"product","link":"https:\/\/aral2.cetrexmarketing.com\/ca\/producto\/tomas-cusine-vilosell-estoig-2-amp\/","title":{"rendered":"Tom\u00e0s Cusin\u00e9 Vilosell Estoig 2 amp"},"content":{"rendered":"<p><strong>Tom\u00e0s Cusin\u00e9 Vilosell Estoig 2 amp<\/strong><\/p>\n","protected":false},"excerpt":{"rendered":"<p>Tom\u00e0s Cusin\u00e9 Vilosell Estoig 2 amp<\/p>\n","protected":false},"featured_media":120041,"comment_status":"closed","ping_status":"closed","template":"","meta":{"_acf_changed":false},"pwb-brand":[],"product_brand":[],"product_cat":[51677,51670,51671],"product_tag":[52011],"class_list":{"0":"post-120044","1":"product","2":"type-product","3":"status-publish","4":"has-post-thumbnail","6":"product_cat-lots-i-estoigs","7":"product_cat-vi","8":"product_cat-vi-negre","9":"product_tag-tomas-cusine-vilosell-estoig-2-amp","10":"entry","11":"has-media","13":"first","14":"instock","15":"taxable","16":"shipping-taxable","17":"purchasable","18":"product-type-simple"},"acf":[],"yoast_head":"<!-- This site is optimized with the Yoast SEO Premium plugin v23.1 (Yoast SEO v23.5) - https:\/\/yoast.com\/wordpress\/plugins\/seo\/ -->\n<title>Tom\u00e0s Cusin\u00e9 Vilosell Estoig 2 amp<\/title>\n<meta name=\"description\" content=\"Comprar al millor preu el vi negre Tom\u00e0s Cusin\u00e9 Vilosell Estoig 2 amp a Mon la Cata. Botiga online especilitzada en vi i alimentaci\u00f3.\" \/>\n<meta name=\"robots\" content=\"noindex, follow, max-snippet:-1, max-image-preview:large, max-video-preview:-1\" \/>\n<meta property=\"og:locale\" content=\"ca_ES\" \/>\n<meta property=\"og:type\" content=\"article\" \/>\n<meta property=\"og:title\" content=\"Tom\u00e0s Cusin\u00e9 Vilosell Estoig 2 amp\" \/>\n<meta property=\"og:description\" content=\"Comprar al millor preu el vi negre Tom\u00e0s Cusin\u00e9 Vilosell Estoig 2 amp a Mon la Cata. Botiga online especilitzada en vi i alimentaci\u00f3.\" \/>\n<meta property=\"og:url\" content=\"https:\/\/aral2.cetrexmarketing.com\/ca\/producto\/tomas-cusine-vilosell-estoig-2-amp\/\" \/>\n<meta property=\"og:site_name\" content=\"M\u00f3n La Cata\" \/>\n<meta property=\"article:modified_time\" content=\"2025-05-27T08:10:17+00:00\" \/>\n<meta property=\"og:image\" content=\"https:\/\/aral2.cetrexmarketing.com\/wp-content\/uploads\/2025\/05\/TOMAS-VILOSELL-ESTUCHE-2-BOTELLAS.jpg-1.png\" \/>\n\t<meta property=\"og:image:width\" content=\"765\" \/>\n\t<meta property=\"og:image:height\" content=\"1024\" \/>\n\t<meta property=\"og:image:type\" content=\"image\/png\" \/>\n<meta name=\"twitter:card\" content=\"summary_large_image\" \/>\n<script type=\"application\/ld+json\" class=\"yoast-schema-graph\">{\"@context\":\"https:\/\/schema.org\",\"@graph\":[{\"@type\":\"WebPage\",\"@id\":\"https:\/\/aral2.cetrexmarketing.com\/ca\/producto\/tomas-cusine-vilosell-estoig-2-amp\/\",\"url\":\"https:\/\/aral2.cetrexmarketing.com\/ca\/producto\/tomas-cusine-vilosell-estoig-2-amp\/\",\"name\":\"Tom\u00e0s Cusin\u00e9 Vilosell Estoig 2 amp\",\"isPartOf\":{\"@id\":\"https:\/\/aral2.cetrexmarketing.com\/#website\"},\"primaryImageOfPage\":{\"@id\":\"https:\/\/aral2.cetrexmarketing.com\/ca\/producto\/tomas-cusine-vilosell-estoig-2-amp\/#primaryimage\"},\"image\":{\"@id\":\"https:\/\/aral2.cetrexmarketing.com\/ca\/producto\/tomas-cusine-vilosell-estoig-2-amp\/#primaryimage\"},\"thumbnailUrl\":\"https:\/\/aral2.cetrexmarketing.com\/wp-content\/uploads\/2025\/05\/TOMAS-VILOSELL-ESTUCHE-2-BOTELLAS.jpg-1.png\",\"datePublished\":\"2025-05-27T04:42:54+00:00\",\"dateModified\":\"2025-05-27T08:10:17+00:00\",\"description\":\"Comprar al millor preu el vi negre Tom\u00e0s Cusin\u00e9 Vilosell Estoig 2 amp a Mon la Cata. Botiga online especilitzada en vi i alimentaci\u00f3.\",\"breadcrumb\":{\"@id\":\"https:\/\/aral2.cetrexmarketing.com\/ca\/producto\/tomas-cusine-vilosell-estoig-2-amp\/#breadcrumb\"},\"inLanguage\":\"ca\",\"potentialAction\":[{\"@type\":\"ReadAction\",\"target\":[\"https:\/\/aral2.cetrexmarketing.com\/ca\/producto\/tomas-cusine-vilosell-estoig-2-amp\/\"]}]},{\"@type\":\"ImageObject\",\"inLanguage\":\"ca\",\"@id\":\"https:\/\/aral2.cetrexmarketing.com\/ca\/producto\/tomas-cusine-vilosell-estoig-2-amp\/#primaryimage\",\"url\":\"https:\/\/aral2.cetrexmarketing.com\/wp-content\/uploads\/2025\/05\/TOMAS-VILOSELL-ESTUCHE-2-BOTELLAS.jpg-1.png\",\"contentUrl\":\"https:\/\/aral2.cetrexmarketing.com\/wp-content\/uploads\/2025\/05\/TOMAS-VILOSELL-ESTUCHE-2-BOTELLAS.jpg-1.png\",\"width\":765,\"height\":1024},{\"@type\":\"BreadcrumbList\",\"@id\":\"https:\/\/aral2.cetrexmarketing.com\/ca\/producto\/tomas-cusine-vilosell-estoig-2-amp\/#breadcrumb\",\"itemListElement\":[{\"@type\":\"ListItem\",\"position\":1,\"name\":\"Home\",\"item\":\"https:\/\/aral2.cetrexmarketing.com\/ca\/\"},{\"@type\":\"ListItem\",\"position\":2,\"name\":\"Tienda\",\"item\":\"https:\/\/aral2.cetrexmarketing.com\/ca\/tienda-2\/\"},{\"@type\":\"ListItem\",\"position\":3,\"name\":\"Vino\",\"item\":\"https:\/\/aral2.cetrexmarketing.com\/categoria-producto\/inicio\/vino\/\"},{\"@type\":\"ListItem\",\"position\":4,\"name\":\"Tom\u00e0s Cusin\u00e9 Vilosell Estoig 2 amp\"}]},{\"@type\":\"WebSite\",\"@id\":\"https:\/\/aral2.cetrexmarketing.com\/#website\",\"url\":\"https:\/\/aral2.cetrexmarketing.com\/\",\"name\":\"M\u00f3n La Cata\",\"description\":\"Tienda de vinos, licores, cervezas y gourmet\",\"publisher\":{\"@id\":\"https:\/\/aral2.cetrexmarketing.com\/#organization\"},\"potentialAction\":[{\"@type\":\"SearchAction\",\"target\":{\"@type\":\"EntryPoint\",\"urlTemplate\":\"https:\/\/aral2.cetrexmarketing.com\/?s={search_term_string}\"},\"query-input\":{\"@type\":\"PropertyValueSpecification\",\"valueRequired\":true,\"valueName\":\"search_term_string\"}}],\"inLanguage\":\"ca\"},{\"@type\":\"Organization\",\"@id\":\"https:\/\/aral2.cetrexmarketing.com\/#organization\",\"name\":\"M\u00f3n La Cata\",\"url\":\"https:\/\/aral2.cetrexmarketing.com\/\",\"logo\":{\"@type\":\"ImageObject\",\"inLanguage\":\"ca\",\"@id\":\"https:\/\/aral2.cetrexmarketing.com\/#\/schema\/logo\/image\/\",\"url\":\"https:\/\/aral2.cetrexmarketing.com\/wp-content\/uploads\/2024\/10\/aral-logo-neg-1024x409-1.png\",\"contentUrl\":\"https:\/\/aral2.cetrexmarketing.com\/wp-content\/uploads\/2024\/10\/aral-logo-neg-1024x409-1.png\",\"width\":1024,\"height\":409,\"caption\":\"M\u00f3n La Cata\"},\"image\":{\"@id\":\"https:\/\/aral2.cetrexmarketing.com\/#\/schema\/logo\/image\/\"}}]}<\/script>\n<!-- \/ Yoast SEO Premium plugin. -->","yoast_head_json":{"title":"Tom\u00e0s Cusin\u00e9 Vilosell Estoig 2 amp","description":"Comprar al millor preu el vi negre Tom\u00e0s Cusin\u00e9 Vilosell Estoig 2 amp a Mon la Cata. Botiga online especilitzada en vi i alimentaci\u00f3.","robots":{"index":"noindex","follow":"follow","max-snippet":"max-snippet:-1","max-image-preview":"max-image-preview:large","max-video-preview":"max-video-preview:-1"},"og_locale":"ca_ES","og_type":"article","og_title":"Tom\u00e0s Cusin\u00e9 Vilosell Estoig 2 amp","og_description":"Comprar al millor preu el vi negre Tom\u00e0s Cusin\u00e9 Vilosell Estoig 2 amp a Mon la Cata. Botiga online especilitzada en vi i alimentaci\u00f3.","og_url":"https:\/\/aral2.cetrexmarketing.com\/ca\/producto\/tomas-cusine-vilosell-estoig-2-amp\/","og_site_name":"M\u00f3n La Cata","article_modified_time":"2025-05-27T08:10:17+00:00","og_image":[{"width":765,"height":1024,"url":"https:\/\/aral2.cetrexmarketing.com\/wp-content\/uploads\/2025\/05\/TOMAS-VILOSELL-ESTUCHE-2-BOTELLAS.jpg-1.png","type":"image\/png"}],"twitter_card":"summary_large_image","schema":{"@context":"https:\/\/schema.org","@graph":[{"@type":"WebPage","@id":"https:\/\/aral2.cetrexmarketing.com\/ca\/producto\/tomas-cusine-vilosell-estoig-2-amp\/","url":"https:\/\/aral2.cetrexmarketing.com\/ca\/producto\/tomas-cusine-vilosell-estoig-2-amp\/","name":"Tom\u00e0s Cusin\u00e9 Vilosell Estoig 2 amp","isPartOf":{"@id":"https:\/\/aral2.cetrexmarketing.com\/#website"},"primaryImageOfPage":{"@id":"https:\/\/aral2.cetrexmarketing.com\/ca\/producto\/tomas-cusine-vilosell-estoig-2-amp\/#primaryimage"},"image":{"@id":"https:\/\/aral2.cetrexmarketing.com\/ca\/producto\/tomas-cusine-vilosell-estoig-2-amp\/#primaryimage"},"thumbnailUrl":"https:\/\/aral2.cetrexmarketing.com\/wp-content\/uploads\/2025\/05\/TOMAS-VILOSELL-ESTUCHE-2-BOTELLAS.jpg-1.png","datePublished":"2025-05-27T04:42:54+00:00","dateModified":"2025-05-27T08:10:17+00:00","description":"Comprar al millor preu el vi negre Tom\u00e0s Cusin\u00e9 Vilosell Estoig 2 amp a Mon la Cata. Botiga online especilitzada en vi i alimentaci\u00f3.","breadcrumb":{"@id":"https:\/\/aral2.cetrexmarketing.com\/ca\/producto\/tomas-cusine-vilosell-estoig-2-amp\/#breadcrumb"},"inLanguage":"ca","potentialAction":[{"@type":"ReadAction","target":["https:\/\/aral2.cetrexmarketing.com\/ca\/producto\/tomas-cusine-vilosell-estoig-2-amp\/"]}]},{"@type":"ImageObject","inLanguage":"ca","@id":"https:\/\/aral2.cetrexmarketing.com\/ca\/producto\/tomas-cusine-vilosell-estoig-2-amp\/#primaryimage","url":"https:\/\/aral2.cetrexmarketing.com\/wp-content\/uploads\/2025\/05\/TOMAS-VILOSELL-ESTUCHE-2-BOTELLAS.jpg-1.png","contentUrl":"https:\/\/aral2.cetrexmarketing.com\/wp-content\/uploads\/2025\/05\/TOMAS-VILOSELL-ESTUCHE-2-BOTELLAS.jpg-1.png","width":765,"height":1024},{"@type":"BreadcrumbList","@id":"https:\/\/aral2.cetrexmarketing.com\/ca\/producto\/tomas-cusine-vilosell-estoig-2-amp\/#breadcrumb","itemListElement":[{"@type":"ListItem","position":1,"name":"Home","item":"https:\/\/aral2.cetrexmarketing.com\/ca\/"},{"@type":"ListItem","position":2,"name":"Tienda","item":"https:\/\/aral2.cetrexmarketing.com\/ca\/tienda-2\/"},{"@type":"ListItem","position":3,"name":"Vino","item":"https:\/\/aral2.cetrexmarketing.com\/categoria-producto\/inicio\/vino\/"},{"@type":"ListItem","position":4,"name":"Tom\u00e0s Cusin\u00e9 Vilosell Estoig 2 amp"}]},{"@type":"WebSite","@id":"https:\/\/aral2.cetrexmarketing.com\/#website","url":"https:\/\/aral2.cetrexmarketing.com\/","name":"M\u00f3n La Cata","description":"Tienda de vinos, licores, cervezas y gourmet","publisher":{"@id":"https:\/\/aral2.cetrexmarketing.com\/#organization"},"potentialAction":[{"@type":"SearchAction","target":{"@type":"EntryPoint","urlTemplate":"https:\/\/aral2.cetrexmarketing.com\/?s={search_term_string}"},"query-input":{"@type":"PropertyValueSpecification","valueRequired":true,"valueName":"search_term_string"}}],"inLanguage":"ca"},{"@type":"Organization","@id":"https:\/\/aral2.cetrexmarketing.com\/#organization","name":"M\u00f3n La Cata","url":"https:\/\/aral2.cetrexmarketing.com\/","logo":{"@type":"ImageObject","inLanguage":"ca","@id":"https:\/\/aral2.cetrexmarketing.com\/#\/schema\/logo\/image\/","url":"https:\/\/aral2.cetrexmarketing.com\/wp-content\/uploads\/2024\/10\/aral-logo-neg-1024x409-1.png","contentUrl":"https:\/\/aral2.cetrexmarketing.com\/wp-content\/uploads\/2024\/10\/aral-logo-neg-1024x409-1.png","width":1024,"height":409,"caption":"M\u00f3n La Cata"},"image":{"@id":"https:\/\/aral2.cetrexmarketing.com\/#\/schema\/logo\/image\/"}}]}},"brands":[],"_links":{"self":[{"href":"https:\/\/aral2.cetrexmarketing.com\/ca\/wp-json\/wp\/v2\/product\/120044","targetHints":{"allow":["GET"]}}],"collection":[{"href":"https:\/\/aral2.cetrexmarketing.com\/ca\/wp-json\/wp\/v2\/product"}],"about":[{"href":"https:\/\/aral2.cetrexmarketing.com\/ca\/wp-json\/wp\/v2\/types\/product"}],"replies":[{"embeddable":true,"href":"https:\/\/aral2.cetrexmarketing.com\/ca\/wp-json\/wp\/v2\/comments?post=120044"}],"wp:featuredmedia":[{"embeddable":true,"href":"https:\/\/aral2.cetrexmarketing.com\/ca\/wp-json\/wp\/v2\/media\/120041"}],"wp:attachment":[{"href":"https:\/\/aral2.cetrexmarketing.com\/ca\/wp-json\/wp\/v2\/media?parent=120044"}],"wp:term":[{"taxonomy":"pwb-brand","embeddable":true,"href":"https:\/\/aral2.cetrexmarketing.com\/ca\/wp-json\/wp\/v2\/pwb-brand?post=120044"},{"taxonomy":"product_brand","embeddable":true,"href":"https:\/\/aral2.cetrexmarketing.com\/ca\/wp-json\/wp\/v2\/product_brand?post=120044"},{"taxonomy":"product_cat","embeddable":true,"href":"https:\/\/aral2.cetrexmarketing.com\/ca\/wp-json\/wp\/v2\/product_cat?post=120044"},{"taxonomy":"product_tag","embeddable":true,"href":"https:\/\/aral2.cetrexmarketing.com\/ca\/wp-json\/wp\/v2\/product_tag?post=120044"}],"curies":[{"name":"wp","href":"https:\/\/api.w.org\/{rel}","templated":true}]}}

Tomàs Cusiné Vilosell Estoig 2 amp

<p><strong>Tomàs Cusiné Vilosell Estoig 2 amp</strong></p>

<p>Tomàs Cusiné Vilosell Estoig 2 amp</p>

<!-- This site is optimized with the Yoast SEO Premium plugin v23.1 (Yoast SEO v23.5) - https://yoast.com/wordpress/plugins/seo/ -->
<title>Tomàs Cusiné Vilosell Estoig 2 amp</title>
<meta name="description" content="Comprar al millor preu el vi negre Tomàs Cusiné Vilosell Estoig 2 amp a Mon la Cata. Botiga online especilitzada en vi i alimentació." />
<meta name="robots" content="noindex, follow, max-snippet:-1, max-image-preview:large, max-video-preview:-1" />
<meta property="og:locale" content="ca_ES" />
<meta property="og:type" content="article" />
<meta property="og:title" content="Tomàs Cusiné Vilosell Estoig 2 amp" />
<meta property="og:description" content="Comprar al millor preu el vi negre Tomàs Cusiné Vilosell Estoig 2 amp a Mon la Cata. Botiga online especilitzada en vi i alimentació." />
<meta property="og:url" content="https://aral2.cetrexmarketing.com/ca/producto/tomas-cusine-vilosell-estoig-2-amp/" />
<meta property="og:site_name" content="Món La Cata" />
<meta property="article:modified_time" content="2025-05-27T08:10:17+00:00" />
<meta property="og:image" content="https://aral2.cetrexmarketing.com/wp-content/uploads/2025/05/TOMAS-VILOSELL-ESTUCHE-2-BOTELLAS.jpg-1.png" />
	<meta property="og:image:width" content="765" />
	<meta property="og:image:height" content="1024" />
	<meta property="og:image:type" content="image/png" />
<meta name="twitter:card" content="summary_large_image" />
<script type="application/ld+json" class="yoast-schema-graph">{"@context":"https://schema.org","@graph":[{"@type":"WebPage","@id":"https://aral2.cetrexmarketing.com/ca/producto/tomas-cusine-vilosell-estoig-2-amp/","url":"https://aral2.cetrexmarketing.com/ca/producto/tomas-cusine-vilosell-estoig-2-amp/","name":"Tomàs Cusiné Vilosell Estoig 2 amp","isPartOf":{"@id":"https://aral2.cetrexmarketing.com/#website"},"primaryImageOfPage":{"@id":"https://aral2.cetrexmarketing.com/ca/producto/tomas-cusine-vilosell-estoig-2-amp/#primaryimage"},"image":{"@id":"https://aral2.cetrexmarketing.com/ca/producto/tomas-cusine-vilosell-estoig-2-amp/#primaryimage"},"thumbnailUrl":"https://aral2.cetrexmarketing.com/wp-content/uploads/2025/05/TOMAS-VILOSELL-ESTUCHE-2-BOTELLAS.jpg-1.png","datePublished":"2025-05-27T04:42:54+00:00","dateModified":"2025-05-27T08:10:17+00:00","description":"Comprar al millor preu el vi negre Tomàs Cusiné Vilosell Estoig 2 amp a Mon la Cata. Botiga online especilitzada en vi i alimentació.","breadcrumb":{"@id":"https://aral2.cetrexmarketing.com/ca/producto/tomas-cusine-vilosell-estoig-2-amp/#breadcrumb"},"inLanguage":"ca","potentialAction":[{"@type":"ReadAction","target":["https://aral2.cetrexmarketing.com/ca/producto/tomas-cusine-vilosell-estoig-2-amp/"]}]},{"@type":"ImageObject","inLanguage":"ca","@id":"https://aral2.cetrexmarketing.com/ca/producto/tomas-cusine-vilosell-estoig-2-amp/#primaryimage","url":"https://aral2.cetrexmarketing.com/wp-content/uploads/2025/05/TOMAS-VILOSELL-ESTUCHE-2-BOTELLAS.jpg-1.png","contentUrl":"https://aral2.cetrexmarketing.com/wp-content/uploads/2025/05/TOMAS-VILOSELL-ESTUCHE-2-BOTELLAS.jpg-1.png","width":765,"height":1024},{"@type":"BreadcrumbList","@id":"https://aral2.cetrexmarketing.com/ca/producto/tomas-cusine-vilosell-estoig-2-amp/#breadcrumb","itemListElement":[{"@type":"ListItem","position":1,"name":"Home","item":"https://aral2.cetrexmarketing.com/ca/"},{"@type":"ListItem","position":2,"name":"Tienda","item":"https://aral2.cetrexmarketing.com/ca/tienda-2/"},{"@type":"ListItem","position":3,"name":"Vino","item":"https://aral2.cetrexmarketing.com/categoria-producto/inicio/vino/"},{"@type":"ListItem","position":4,"name":"Tomàs Cusiné Vilosell Estoig 2 amp"}]},{"@type":"WebSite","@id":"https://aral2.cetrexmarketing.com/#website","url":"https://aral2.cetrexmarketing.com/","name":"Món La Cata","description":"Tienda de vinos, licores, cervezas y gourmet","publisher":{"@id":"https://aral2.cetrexmarketing.com/#organization"},"potentialAction":[{"@type":"SearchAction","target":{"@type":"EntryPoint","urlTemplate":"https://aral2.cetrexmarketing.com/?s={search_term_string}"},"query-input":{"@type":"PropertyValueSpecification","valueRequired":true,"valueName":"search_term_string"}}],"inLanguage":"ca"},{"@type":"Organization","@id":"https://aral2.cetrexmarketing.com/#organization","name":"Món La Cata","url":"https://aral2.cetrexmarketing.com/","logo":{"@type":"ImageObject","inLanguage":"ca","@id":"https://aral2.cetrexmarketing.com/#/schema/logo/image/","url":"https://aral2.cetrexmarketing.com/wp-content/uploads/2024/10/aral-logo-neg-1024x409-1.png","contentUrl":"https://aral2.cetrexmarketing.com/wp-content/uploads/2024/10/aral-logo-neg-1024x409-1.png","width":1024,"height":409,"caption":"Món La Cata"},"image":{"@id":"https://aral2.cetrexmarketing.com/#/schema/logo/image/"}}]}</script>
<!-- / Yoast SEO Premium plugin. -->

Comprar al millor preu el vi negre Tomàs Cusiné Vilosell Estoig 2 amp a Mon la Cata. Botiga online especilitzada en vi i alimentació.

Món La Cata
